-- https://www.phpmyadmin.net/
--
-- Tempo de geração: 25/07/2024 às 14:25
-- Versão do servidor: 10.6.17-MariaDB-cll-lve
-- Versão do PHP: 8.1.28

START TRANSACTION;



--
-- Banco de dados: `kitsites_site1`
--

-- --------------------------------------------------------

--
-- Estrutura para tabela `area`
--

CREATE TABLE `area` (
  `area_id` int(11) NOT NULL,
  `area_nome` varchar(200) DEFAULT NULL,
  `area_pos` int(11) DEFAULT 0
) ENGINE=InnoDB DEFAULT CHARSET=utf8mb3 COLLATE=utf8mb3_general_ci;

--
-- Despejando dados para a tabela `area`
--

INSERT INTO `area` (`area_id`, `area_nome`, `area_pos`) VALUES
(1, 'Marketing', 1),
(2, 'Negócios', 0),
(3, 'Novidades', 0),
(4, 'Serviços', 0);

-- --------------------------------------------------------

--
-- Estrutura para tabela `area1`
--

CREATE TABLE `area1` (
  `area1_id` int(11) NOT NULL,
  `area1_nome` varchar(200) DEFAULT NULL,
  `area1_pos` int(11) DEFAULT 0
) ENGINE=InnoDB DEFAULT CHARSET=utf8mb3 COLLATE=utf8mb3_general_ci;

--
-- Despejando dados para a tabela `area1`
--

INSERT INTO `area1` (`area1_id`, `area1_nome`, `area1_pos`) VALUES
(1, 'Marketing', 0),
(2, 'Identidade Visual', 1),
(3, 'Design', 2),
(4, 'E-commerce', 3);

-- --------------------------------------------------------

--
-- Estrutura para tabela `area2`
--

CREATE TABLE `area2` (
  `area2_id` int(11) NOT NULL,
  `area2_nome` varchar(200) DEFAULT NULL,
  `area2_pos` int(11) DEFAULT 0
) ENGINE=InnoDB DEFAULT CHARSET=utf8mb3 COLLATE=utf8mb3_general_ci;

--
-- Despejando dados para a tabela `area2`
--

INSERT INTO `area2` (`area2_id`, `area2_nome`, `area2_pos`) VALUES
(1, 'Motivação', 0),
(2, 'Negócios', 1);

-- --------------------------------------------------------

--
-- Estrutura para tabela `area3`
--

CREATE TABLE `area3` (
  `area3_id` int(11) NOT NULL,
  `area3_nome` varchar(200) NOT NULL,
  `area3_parent` int(11) NOT NULL DEFAULT 0,
  `area3_pos` int(11) NOT NULL DEFAULT 0,
  `area3_level` int(11) NOT NULL DEFAULT 1
) ENGINE=InnoDB DEFAULT CHARSET=utf8mb3 COLLATE=utf8mb3_general_ci;

--
-- Despejando dados para a tabela `area3`
--

INSERT INTO `area3` (`area3_id`, `area3_nome`, `area3_parent`, `area3_pos`, `area3_level`) VALUES
(1, 'Tecnologia', 0, 1, 1),
(2, 'Monitoramento', 1, 0, 0),
(3, 'Serviços', 0, 0, 1),
(4, 'Alarme', 1, 0, 0),
(5, 'Jardinagem', 3, 0, 0);

-- --------------------------------------------------------

--
-- Estrutura para tabela `cadastros`
--

CREATE TABLE `cadastros` (
  `cadastro_id` int(11) NOT NULL,
  `cadastro_email` varchar(255) NOT NULL,
  `cadastro_data` date NOT NULL,
  `cadastro_status` int(1) NOT NULL DEFAULT 0
) ENGINE=InnoDB DEFAULT CHARSET=utf8mb3 COLLATE=utf8mb3_general_ci;

--
-- Despejando dados para a tabela `cadastros`
--

INSERT INTO `cadastros` (`cadastro_id`, `cadastro_email`, `cadastro_data`, `cadastro_status`) VALUES
(1, 'suporte@kitsites.com', '2017-11-11', 0);

-- --------------------------------------------------------

--
-- Estrutura para tabela `cliente`
--

CREATE TABLE `cliente` (
  `cliente_id` int(11) NOT NULL,
  `cliente_nome` varchar(200) DEFAULT NULL,
  `cliente_subtitulo` varchar(200) DEFAULT NULL,
  `cliente_descricao` text NOT NULL,
  `cliente_imagem` varchar(200) DEFAULT NULL
) ENGINE=InnoDB DEFAULT CHARSET=utf8mb3 COLLATE=utf8mb3_general_ci;

--
-- Despejando dados para a tabela `cliente`
--

INSERT INTO `cliente` (`cliente_id`, `cliente_nome`, `cliente_subtitulo`, `cliente_descricao`, `cliente_imagem`) VALUES
(1, 'Microsoft', 'https://www.microsoft.com/pt-br', '', '1506974107.png'),
(2, 'Samsung', 'http://www.samsung.com/br/', '', '1506977386.png'),
(3, 'YouTube', 'https://www.youtube.com', '', '1507407107.jpg'),
(4, 'Facebook', 'https://www.facebook.com', '', '1507406749.png'),
(5, 'Microsoft', 'https://www.microsoft.com/pt-br', '', '1507407174.png'),
(6, 'Samsung', 'http://www.samsung.com/br/', '', '1507407198.png'),
(7, 'YouTube', 'https://www.youtube.com', '', '1507407219.jpg'),
(8, 'Facebook', 'https://www.facebook.com', '', '1507407235.png');

-- --------------------------------------------------------

--
-- Estrutura para tabela `comentario`
--

CREATE TABLE `comentario` (
  `comentario_id` int(11) NOT NULL,
  `comentario_nome` varchar(200) DEFAULT NULL,
  `comentario_email` varchar(200) DEFAULT NULL,
  `comentario_mensagem` text DEFAULT NULL,
  `comentario_data` varchar(200) DEFAULT NULL,
  `comentario_status` int(11) DEFAULT 0,
  `comentario_pagina` int(11) DEFAULT NULL
) ENGINE=InnoDB DEFAULT CHARSET=utf8mb3 COLLATE=utf8mb3_general_ci;

-- --------------------------------------------------------

--
-- Estrutura para tabela `contato`
--

CREATE TABLE `contato` (
  `contato_id` int(11) NOT NULL,
  `contato_email` varchar(200) DEFAULT NULL,
  `contato_telefone1` varchar(200) DEFAULT NULL,
  `contato_endereco` varchar(200) DEFAULT NULL,
  `contato_maps` text DEFAULT NULL,
  `contato_long_lat` varchar(200) DEFAULT NULL,
  `contato_telefone2` varchar(200) DEFAULT NULL,
  `contato_telefone3` varchar(200) DEFAULT NULL,
  `contato_telefone4` varchar(200) DEFAULT NULL,
  `contato_telefone5` varchar(200) DEFAULT NULL,
  `contato_telefone6` varchar(200) DEFAULT NULL,
  `contato_horario` varchar(200) DEFAULT NULL
) ENGINE=InnoDB DEFAULT CHARSET=utf8mb3 COLLATE=utf8mb3_general_ci;

--
-- Despejando dados para a tabela `contato`
--

INSERT INTO `contato` (`contato_id`, `contato_email`, `contato_telefone1`, `contato_endereco`, `contato_maps`, `contato_long_lat`, `contato_telefone2`, `contato_telefone3`, `contato_telefone4`, `contato_telefone5`, `contato_telefone6`, `contato_horario`) VALUES
(1, 'email@dominio.com', '(11) 0000-0000', 'Av. Paulista, 300 - Bela Vista - São Paulo - SP', '<iframe src=\"https://www.google.com/maps/embed?pb=!1m18!1m12!1m3!1d3661.9721519547884!2d-47.34301228502539!3d-23.3892246847686!2m3!1f0!2f0!3f0!3m2!1i1024!2i768!4f13.1!3m3!1m2!1s0x94cf5c42d1d129f5%3A0xd6deba4c1a5d6c8a!2sR.+Vargem+Grande+Paulista+-+Cidade+Nova+I%2C+Itu+-+SP!5e0!3m2!1spt-BR!2sbr!4v1537284753402\" width=\"600\" height=\"450\" frameborder=\"0\" style=\"border:0\" allowfullscreen></iframe>', '--23.5692979,-46.6467303', '', '', '', '', '', 'Seg - Sáb: 09:00 - 18:00');

-- --------------------------------------------------------

--
-- Estrutura para tabela `depoimento`
--

CREATE TABLE `depoimento` (
  `depoimento_id` int(11) NOT NULL,
  `depoimento_nome` varchar(200) DEFAULT NULL,
  `depoimento_cargo` varchar(200) DEFAULT NULL,
  `depoimento_sobre` text DEFAULT NULL,
  `depoimento_data` varchar(200) DEFAULT NULL,
  `depoimento_imagem` varchar(200) DEFAULT NULL
) ENGINE=InnoDB DEFAULT CHARSET=utf8mb3 COLLATE=utf8mb3_general_ci;

--
-- Despejando dados para a tabela `depoimento`
--

INSERT INTO `depoimento` (`depoimento_id`, `depoimento_nome`, `depoimento_cargo`, `depoimento_sobre`, `depoimento_data`, `depoimento_imagem`) VALUES
(1, 'Bruna', 'Sorocaba/SP', 'Lorem ipsum dolor sit amet, consectetur adipisicing elit, sed do eiusmod tempor incididunt ut labore et dolore magna aliqua. Ut enim ad minim veniam, quis nostrud exercitation.', '08/08/2017', '1507232331.jpg'),
(2, 'Cristiano', 'Curitiba/PR', 'Lorem ipsum dolor sit amet, consectetur adipisicing elit, sed do eiusmod tempor incididunt ut labore et dolore magna aliqua. Ut enim ad minim veniam, quis nostrud exercitation.', '05/10/2017', '1507232111.jpg');

-- --------------------------------------------------------

--
-- Estrutura para tabela `equipe`
--

CREATE TABLE `equipe` (
  `equipe_id` int(11) NOT NULL,
  `equipe_nome` varchar(200) DEFAULT NULL,
  `equipe_subtitulo` varchar(200) DEFAULT NULL,
  `equipe_descricao` text NOT NULL,
  `equipe_imagem` varchar(200) DEFAULT NULL,
  `equipe_link1` varchar(200) DEFAULT NULL,
  `equipe_link2` varchar(200) DEFAULT NULL,
  `equipe_link3` varchar(200) DEFAULT NULL,
  `equipe_link4` varchar(200) DEFAULT NULL
) ENGINE=InnoDB DEFAULT CHARSET=utf8mb3 COLLATE=utf8mb3_general_ci;

--
-- Despejando dados para a tabela `equipe`
--

INSERT INTO `equipe` (`equipe_id`, `equipe_nome`, `equipe_subtitulo`, `equipe_descricao`, `equipe_imagem`, `equipe_link1`, `equipe_link2`, `equipe_link3`, `equipe_link4`) VALUES
(1, 'Carlos Eduardo', 'Gerente Comercial', 'Lorem Ipsum is simply dummy text of the printing and typesetting industry.', '1507232039.jpg', '', 'https://www.twitter.com', 'https://www.facebook.com', 'https://br.linkedin.com/'),
(2, 'Flavia', 'Assistente Comercial', 'Lorem Ipsum is simply dummy text of the printing and typesetting industry.', '1507231344.jpg', 'flavia@email.com', 'https://www.twitter.com', 'https://www.facebook.com', 'https://br.linkedin.com/'),
(3, 'Silvia', 'Auxiliar Financeira', 'Lorem Ipsum is simply dummy text of the printing and typesetting industry.', '1507232203.jpg', '', 'https://www.twitter.com', 'https://www.facebook.com', 'https://br.linkedin.com/'),
(4, 'Ricardo', 'Atendimento', 'Lorem Ipsum is simply dummy text of the printing and typesetting industry.', '1507232246.jpg', 'ricardo@email.com', 'https://www.twitter.com', 'https://www.facebook.com', 'https://br.linkedin.com/');

-- --------------------------------------------------------

--
-- Estrutura para tabela `foto`
--

CREATE TABLE `foto` (
  `foto_id` int(11) NOT NULL,
  `foto_url` varchar(200) NOT NULL,
  `foto_pos` int(11) DEFAULT 0,
  `foto_portfolio` int(11) DEFAULT NULL
) ENGINE=InnoDB DEFAULT CHARSET=utf8mb3 COLLATE=utf8mb3_general_ci;

--
-- Despejando dados para a tabela `foto`
--

INSERT INTO `foto` (`foto_id`, `foto_url`, `foto_pos`, `foto_portfolio`) VALUES
(1, 'ac276e73d382d5d88c0151d165b98433.jpg', 0, 1),
(2, '9014d739f45ca4c406271e338bd877d4.jpg', 0, 1),
(3, '44c9d0aca5394df0376b3145d30fd5e3.jpg', 0, 1),
(7, '03ed1af071b07b811a105cc0e857008e.jpg', 0, 3),
(8, '141dfabdd512c381d05be94beaecce4e.jpg', 0, 3),
(9, '14a62737e8a6a8934370f965ac70226b.jpg', 0, 3);

-- --------------------------------------------------------

--
-- Estrutura para tabela `fotos`
--

CREATE TABLE `fotos` (
  `fotos_id` int(11) NOT NULL,
  `fotos_url` varchar(200) NOT NULL,
  `fotos_pos` int(11) NOT NULL DEFAULT 0,
  `fotos_paginas` int(11) NOT NULL
) ENGINE=InnoDB DEFAULT CHARSET=utf8mb3 COLLATE=utf8mb3_general_ci;

--
-- Despejando dados para a tabela `fotos`
--

INSERT INTO `fotos` (`fotos_id`, `fotos_url`, `fotos_pos`, `fotos_paginas`) VALUES
(4, 'e6e649460b33a9ef6e87acfb764fa830.jpg', 0, 2),
(9, 'f88ad913a92103ced9b5eaa6567377c7.jpg', 0, 7),
(11, 'd21369d340030b342ec09fb0d7fcaac2.jpg', 0, 7),
(12, 'dcb8f3905af108850723c334ebcd9212.jpg', 0, 7),
(13, 'b21efa45b66c7138d980beeb270cac9f.jpg', 0, 7),
(14, 'ab1e734c06e68a648071afa9a5f5e9aa.jpg', 0, 7),
(15, 'b188152b314f8e372506522f7eab0bdc.jpg', 0, 7),
(67, '4ce777301bb954d13fd758b20d5b57de.jpg', 0, 8),
(70, 'ff7de266975fb28dd1ba3f6c8497fac1.jpg', 0, 8),
(71, 'b6872599dd7fa4205c4da73116af33fd.jpg', 0, 8),
(72, '9a951e3192ac21e01bca1e6d90f1c4b6.jpg', 0, 8);

-- --------------------------------------------------------

--
-- Estrutura para tabela `icones`
--

CREATE TABLE `icones` (
  `icones_id` int(11) NOT NULL,
  `icones_nome` varchar(200) DEFAULT NULL
) ENGINE=InnoDB DEFAULT CHARSET=utf8mb3 COLLATE=utf8mb3_general_ci;

--
-- Despejando dados para a tabela `icones`
--

INSERT INTO `icones` (`icones_id`, `icones_nome`) VALUES
(1, 'fa fa-bed'),
(2, 'fa fa-buysellads'),
(3, 'fa fa-cart-arrow-down'),
(4, 'fa fa-cart-arrow-down'),
(5, 'fa fa-connectdevelop'),
(6, 'fa fa-diamond'),
(7, 'fa fa-facebook-official'),
(8, 'fa fa-forumbee'),
(9, 'fa fa-hotel'),
(10, 'fa fa-leanpub'),
(11, 'fa fa-mars'),
(12, 'fa fa-mars-double'),
(13, 'fa fa-mars-stroke'),
(14, 'fa fa-mars-stroke-h'),
(15, 'fa fa-mars-stroke-v'),
(16, 'fa fa-medium'),
(17, 'fa fa-mercury'),
(18, 'fa fa-motorcycle'),
(19, 'fa fa-neuter'),
(20, 'fa fa-pinterest-p'),
(21, 'fa fa-sellsy'),
(22, 'fa fa-server'),
(23, 'fa fa-ship'),
(24, 'fa fa-shirtsinbulk'),
(25, 'fa fa-simplybuilt'),
(26, 'fa fa-skyatlas'),
(27, 'fa fa-street-view'),
(28, 'fa fa-subway'),
(29, 'fa fa-train'),
(30, 'fa fa-transgender'),
(31, 'fa fa-transgender-alt'),
(32, 'fa fa-user-plus'),
(33, 'fa fa-user-secret'),
(34, 'fa fa-user-times'),
(35, 'fa fa-venus'),
(36, 'fa fa-venus-double'),
(37, 'fa fa-venus-mars'),
(38, 'fa fa-viacoin'),
(39, 'fa fa-whatsapp'),
(40, 'fa fa-adjust'),
(41, 'fa fa-anchor'),
(42, 'fa fa-archive'),
(43, 'fa fa-area-chart'),
(44, 'fa fa-arrows'),
(45, 'fa fa-arrows-h'),
(46, 'fa fa-arrows-v'),
(47, 'fa fa-asterisk'),
(48, 'fa fa-at'),
(49, 'fa fa-automobile'),
(50, 'fa fa-ban'),
(51, 'fa fa-bank'),
(52, 'fa fa-bar-chart'),
(53, 'fa fa-bar-chart-o'),
(54, 'fa fa-barcode'),
(55, 'fa fa-bars'),
(56, 'fa fa-bed'),
(57, 'fa fa-beer'),
(58, 'fa fa-bell'),
(59, 'fa fa-bell-o'),
(60, 'fa fa-bell-slash'),
(61, 'fa fa-bell-slash-o'),
(62, 'fa fa-bicycle'),
(63, 'fa fa-binoculars'),
(64, 'fa fa-birthday-cake'),
(65, 'fa fa-bolt'),
(66, 'fa fa-bomb'),
(67, 'fa fa-book'),
(68, 'fa fa-bookmark'),
(69, 'fa fa-bookmark-o'),
(70, 'fa fa-briefcase'),
(71, 'fa fa-bug'),
(72, 'fa fa-building'),
(73, 'fa fa-building-o'),
(74, 'fa fa-bullhorn'),
(75, 'fa fa-bullseye'),
(76, 'fa fa-bus'),
(77, 'fa fa-cab'),
(78, 'fa fa-calculator'),
(79, 'fa fa-calendar'),
(80, 'fa fa-calendar-o'),
(81, 'fa fa-camera'),
(82, 'fa fa-camera-retro'),
(83, 'fa fa-car'),
(84, 'fa fa-caret-square-o-down'),
(85, 'fa fa-caret-square-o-left'),
(86, 'fa fa-caret-square-o-right'),
(87, 'fa fa-caret-square-o-up'),
(88, 'fa fa-cart-arrow-down'),
(89, 'fa fa-cart-plus'),
(90, 'fa fa-cc'),
(91, 'fa fa-certificate'),
(92, 'fa fa-check'),
(93, 'fa fa-check-circle'),
(94, 'fa fa-check-circle-o'),
(95, 'fa fa-check-square'),
(96, 'fa fa-check-square-o'),
(97, 'fa fa-child'),
(98, 'fa fa-circle'),
(99, 'fa fa-circle-o'),
(100, 'fa fa-circle-o-notch'),
(101, 'fa fa-circle-thin'),
(102, 'fa fa-clock-o'),
(103, 'fa fa-close'),
(104, 'fa fa-cloud'),
(105, 'fa fa-cloud-download'),
(106, 'fa fa-cloud-upload'),
(107, 'fa fa-code'),
(108, 'fa fa-code-fork'),
(109, 'fa fa-coffee'),
(110, 'fa fa-cog'),
(111, 'fa fa-cogs'),
(112, 'fa fa-comment'),
(113, 'fa fa-comment-o'),
(114, 'fa fa-comments'),
(115, 'fa fa-comments-o'),
(116, 'fa fa-compass'),
(117, 'fa fa-copyright'),
(118, 'fa fa-credit-card'),
(119, 'fa fa-crop'),
(120, 'fa fa-crosshairs'),
(121, 'fa fa-cube'),
(122, 'fa fa-cubes'),
(123, 'fa fa-cutlery'),
(124, 'fa fa-dashboard'),
(125, 'fa fa-database'),
(126, 'fa fa-desktop'),
(127, 'fa fa-diamond'),
(128, 'fa fa-dot-circle-o'),
(129, 'fa fa-download'),
(130, 'fa fa-edit'),
(131, 'fa fa-ellipsis-h'),
(132, 'fa fa-ellipsis-v'),
(133, 'fa fa-envelope'),
(134, 'fa fa-envelope-o'),
(135, 'fa fa-envelope-square'),
(136, 'fa fa-eraser'),
(137, 'fa fa-exchange'),
(138, 'fa fa-exclamation'),
(139, 'fa fa-exclamation-circle'),
(140, 'fa fa-exclamation-triangle'),
(141, 'fa fa-external-link'),
(142, 'fa fa-external-link-square'),
(143, 'fa fa-eye'),
(144, 'fa fa-eye-slash'),
(145, 'fa fa-eyedropper'),
(146, 'fa fa-fax'),
(147, 'fa fa-female'),
(148, 'fa fa-fighter-jet'),
(149, 'fa fa-file-archive-o'),
(150, 'fa fa-file-audio-o'),
(151, 'fa fa-file-code-o'),
(152, 'fa fa-file-excel-o'),
(153, 'fa fa-file-image-o'),
(154, 'fa fa-file-movie-o'),
(155, 'fa fa-file-pdf-o'),
(156, 'fa fa-file-photo-o'),
(157, 'fa fa-file-picture-o'),
(158, 'fa fa-file-powerpoint-o'),
(159, 'fa fa-file-sound-o'),
(160, 'fa fa-file-video-o'),
(161, 'fa fa-file-word-o'),
(162, 'fa fa-file-zip-o'),
(163, 'fa fa-film'),
(164, 'fa fa-filter'),
(165, 'fa fa-fire'),
(166, 'fa fa-fire-extinguisher'),
(167, 'fa fa-flag'),
(168, 'fa fa-flag-checkered'),
(169, 'fa fa-flag-o'),
(170, 'fa fa-flash'),
(171, 'fa fa-flask'),
(172, 'fa fa-folder'),
(173, 'fa fa-folder-o'),
(174, 'fa fa-folder-open'),
(175, 'fa fa-folder-open-o'),
(176, 'fa fa-frown-o'),
(177, 'fa fa-futbol-o'),
(178, 'fa fa-gamepad'),
(179, 'fa fa-gavel'),
(180, 'fa fa-gear'),
(181, 'fa fa-gears'),
(182, 'fa fa-genderless'),
(183, 'fa fa-gift'),
(184, 'fa fa-glass'),
(185, 'fa fa-globe'),
(186, 'fa fa-graduation-cap'),
(187, 'fa fa-group'),
(188, 'fa fa-hdd-o'),
(189, 'fa fa-headphones'),
(190, 'fa fa-heart'),
(191, 'fa fa-heart-o'),
(192, 'fa fa-heartbeat'),
(193, 'fa fa-history'),
(194, 'fa fa-home'),
(195, 'fa fa-hotel'),
(196, 'fa fa-image'),
(197, 'fa fa-inbox'),
(198, 'fa fa-info'),
(199, 'fa fa-info-circle'),
(200, 'fa fa-institution'),
(201, 'fa fa-key'),
(202, 'fa fa-keyboard-o'),
(203, 'fa fa-language'),
(204, 'fa fa-laptop'),
(205, 'fa fa-leaf'),
(206, 'fa fa-legal'),
(207, 'fa fa-lemon-o'),
(208, 'fa fa-level-down'),
(209, 'fa fa-level-up'),
(210, 'fa fa-life-bouy'),
(211, 'fa fa-life-buoy'),
(212, 'fa fa-life-ring'),
(213, 'fa fa-life-saver'),
(214, 'fa fa-lightbulb-o'),
(215, 'fa fa-line-chart'),
(216, 'fa fa-location-arrow'),
(217, 'fa fa-lock'),
(218, 'fa fa-magic'),
(219, 'fa fa-magnet'),
(220, 'fa fa-mail-forward'),
(221, 'fa fa-mail-reply'),
(222, 'fa fa-mail-reply-all'),
(223, 'fa fa-male'),
(224, 'fa fa-map-marker'),
(225, 'fa fa-meh-o'),
(226, 'fa fa-microphone'),
(227, 'fa fa-microphone-slash'),
(228, 'fa fa-minus'),
(229, 'fa fa-minus-circle'),
(230, 'fa fa-minus-square'),
(231, 'fa fa-minus-square-o'),
(232, 'fa fa-mobile'),
(233, 'fa fa-mobile-phone'),
(234, 'fa fa-money'),
(235, 'fa fa-moon-o'),
(236, 'fa fa-mortar-board'),
(237, 'fa fa-motorcycle'),
(238, 'fa fa-music'),
(239, 'fa fa-navicon'),
(240, 'fa fa-newspaper-o'),
(241, 'fa fa-paint-brush'),
(242, 'fa fa-paper-plane'),
(243, 'fa fa-paper-plane-o'),
(244, 'fa fa-paw'),
(245, 'fa fa-pencil'),
(246, 'fa fa-pencil-square'),
(247, 'fa fa-pencil-square-o'),
(248, 'fa fa-phone'),
(249, 'fa fa-phone-square'),
(250, 'fa fa-photo'),
(251, 'fa fa-picture-o'),
(252, 'fa fa-pie-chart'),
(253, 'fa fa-plane'),
(254, 'fa fa-plug'),
(255, 'fa fa-plus'),
(256, 'fa fa-plus-circle'),
(257, 'fa fa-plus-square'),
(258, 'fa fa-plus-square-o'),
(259, 'fa fa-power-off'),
(260, 'fa fa-print'),
(261, 'fa fa-puzzle-piece'),
(262, 'fa fa-qrcode'),
(263, 'fa fa-question'),
(264, 'fa fa-question-circle'),
(265, 'fa fa-quote-left'),
(266, 'fa fa-quote-right'),
(267, 'fa fa-random'),
(268, 'fa fa-recycle'),
(269, 'fa fa-refresh'),
(270, 'fa fa-remove'),
(271, 'fa fa-reorder'),
(272, 'fa fa-reply'),
(273, 'fa fa-reply-all'),
(274, 'fa fa-retweet'),
(275, 'fa fa-road'),
(276, 'fa fa-rocket'),
(277, 'fa fa-rss'),
(278, 'fa fa-rss-square'),
(279, 'fa fa-search'),
(280, 'fa fa-search-minus'),
(281, 'fa fa-search-plus'),
(282, 'fa fa-send'),
(283, 'fa fa-send-o'),
(284, 'fa fa-server'),
(285, 'fa fa-share'),
(286, 'fa fa-share-alt'),
(287, 'fa fa-share-alt-square'),
(288, 'fa fa-share-square'),
(289, 'fa fa-share-square-o'),
(290, 'fa fa-shield'),
(291, 'fa fa-ship'),
(292, 'fa fa-shopping-cart'),
(293, 'fa fa-sign-in'),
(294, 'fa fa-sign-out'),
(295, 'fa fa-signal'),
(296, 'fa fa-sitemap'),
(297, 'fa fa-sliders'),
(298, 'fa fa-smile-o'),
(299, 'fa fa-soccer-ball-o'),
(300, 'fa fa-sort'),
(301, 'fa fa-sort-alpha-asc'),
(302, 'fa fa-sort-alpha-desc'),
(303, 'fa fa-sort-amount-asc'),
(304, 'fa fa-sort-amount-desc'),
(305, 'fa fa-sort-asc'),
(306, 'fa fa-sort-desc'),
(307, 'fa fa-sort-down'),
(308, 'fa fa-sort-numeric-asc'),
(309, 'fa fa-sort-numeric-desc'),
(310, 'fa fa-sort-up'),
(311, 'fa fa-space-shuttle'),
(312, 'fa fa-spinner'),
(313, 'fa fa-spoon'),
(314, 'fa fa-square'),
(315, 'fa fa-square-o'),
(316, 'fa fa-star'),
(317, 'fa fa-star-half'),
(318, 'fa fa-star-half-empty'),
(319, 'fa fa-star-half-full'),
(320, 'fa fa-star-half-o'),
(321, 'fa fa-star-o'),
(322, 'fa fa-street-view'),
(323, 'fa fa-suitcase'),
(324, 'fa fa-sun-o'),
(325, 'fa fa-support'),
(326, 'fa fa-tablet'),
(327, 'fa fa-tachometer'),
(328, 'fa fa-tag'),
(329, 'fa fa-tags'),
(330, 'fa fa-tasks'),
(331, 'fa fa-taxi'),
(332, 'fa fa-terminal'),
(333, 'fa fa-thumb-tack'),
(334, 'fa fa-thumbs-down'),
(335, 'fa fa-thumbs-o-down'),
(336, 'fa fa-thumbs-o-up'),
(337, 'fa fa-thumbs-up'),
(338, 'fa fa-ticket'),
(339, 'fa fa-times'),
(340, 'fa fa-times-circle'),
(341, 'fa fa-times-circle-o'),
(342, 'fa fa-tint'),
(343, 'fa fa-toggle-down'),
(344, 'fa fa-toggle-left'),
(345, 'fa fa-toggle-off'),
(346, 'fa fa-toggle-on'),
(347, 'fa fa-toggle-right'),
(348, 'fa fa-toggle-up'),
(349, 'fa fa-trash'),
(350, 'fa fa-trash-o'),
(351, 'fa fa-tree'),
(352, 'fa fa-trophy'),
(353, 'fa fa-truck'),
(354, 'fa fa-tty'),
(355, 'fa fa-umbrella'),
(356, 'fa fa-university'),
(357, 'fa fa-unlock'),
(358, 'fa fa-unlock-alt'),
(359, 'fa fa-unsorted'),
(360, 'fa fa-upload'),
(361, 'fa fa-user'),
(362, 'fa fa-user-plus'),
(363, 'fa fa-user-secret'),
(364, 'fa fa-user-times'),
(365, 'fa fa-users'),
(366, 'fa fa-video-camera'),
(367, 'fa fa-volume-down'),
(368, 'fa fa-volume-off'),
(369, 'fa fa-volume-up'),
(370, 'fa fa-warning'),
(371, 'fa fa-wheelchair'),
(372, 'fa fa-wifi'),
(373, 'fa fa-wrench'),
(374, 'fa fa-ambulance'),
(375, 'fa fa-automobile'),
(376, 'fa fa-bicycle'),
(377, 'fa fa-bus'),
(378, 'fa fa-cab'),
(379, 'fa fa-car'),
(380, 'fa fa-fighter-jet'),
(381, 'fa fa-motorcycle'),
(382, 'fa fa-plane'),
(383, 'fa fa-rocket'),
(384, 'fa fa-ship'),
(385, 'fa fa-space-shuttle'),
(386, 'fa fa-subway'),
(387, 'fa fa-taxi'),
(388, 'fa fa-train'),
(389, 'fa fa-truck'),
(390, 'fa fa-wheelchair'),
(391, 'fa fa-circle-thin'),
(392, 'fa fa-genderless'),
(393, 'fa fa-mars'),
(394, 'fa fa-mars-double'),
(395, 'fa fa-mars-stroke'),
(396, 'fa fa-mars-stroke-h'),
(397, 'fa fa-mars-stroke-v'),
(398, 'fa fa-mercury'),
(399, 'fa fa-neuter'),
(400, 'fa fa-transgender'),
(401, 'fa fa-transgender-alt'),
(402, 'fa fa-venus'),
(403, 'fa fa-venus-double'),
(404, 'fa fa-venus-mars'),
(405, 'fa fa-file'),
(406, 'fa fa-file-archive-o'),
(407, 'fa fa-file-audio-o'),
(408, 'fa fa-file-code-o'),
(409, 'fa fa-file-excel-o'),
(410, 'fa fa-file-image-o'),
(411, 'fa fa-file-movie-o'),
(412, 'fa fa-file-o'),
(413, 'fa fa-file-pdf-o'),
(414, 'fa fa-file-photo-o'),
(415, 'fa fa-file-picture-o'),
(416, 'fa fa-file-powerpoint-o'),
(417, 'fa fa-file-sound-o'),
(418, 'fa fa-file-text'),
(419, 'fa fa-file-text-o'),
(420, 'fa fa-file-video-o'),
(421, 'fa fa-file-word-o'),
(422, 'fa fa-file-zip-o'),
(423, 'fa fa-cog fa-spin'),
(424, 'fa fa-gear fa-spin'),
(425, 'fa fa-refresh fa-spin'),
(426, 'fa fa-spinner fa-spin'),
(427, 'fa fa-check-square'),
(428, 'fa fa-check-square-o'),
(429, 'fa fa-circle'),
(430, 'fa fa-circle-o'),
(431, 'fa fafa fa-dot-circle-o'),
(432, 'fa fa-minus-square'),
(433, 'fa fa-minus-square-o'),
(434, 'fa fa-plus-square'),
(435, 'fa fa-plus-square-o'),
(436, 'fa fa-square'),
(437, 'fa fa-square-o'),
(438, 'fa fa-cc-amex'),
(439, 'fa fa-cc-discover'),
(440, 'fa fa-cc-mastercard'),
(441, 'fa fa-cc-paypal'),
(442, 'fa fa-cc-stripe'),
(443, 'fa fa-cc-visa'),
(444, 'fa fa-credit-card'),
(445, 'fa fa-google-wallet'),
(446, 'fa fa-paypal'),
(447, 'fa fa-area-chart'),
(448, 'fa fa-bar-chart'),
(449, 'fa fa-bar-chart-o'),
(450, 'fa fa-line-chart'),
(451, 'fa fa-pie-chart'),
(452, 'fa fa-bitcoin'),
(453, 'fa fa-btc'),
(454, 'fa fa-cny'),
(455, 'fa fa-dollar'),
(456, 'fa fa-eur'),
(457, 'fa fa-euro'),
(458, 'fa fa-gbp'),
(459, 'fa fa-ils'),
(460, 'fa fa-inr'),
(461, 'fa fa-jpy'),
(462, 'fa fa-krw'),
(463, 'fa fa-money'),
(464, 'fa fa-rmb'),
(465, 'fa fa-rouble'),
(466, 'fa fa-rub'),
(467, 'fa fa-ruble'),
(468, 'fa fa-rupee'),
(469, 'fa fa-shekel'),
(470, 'fa fa-sheqel'),
(471, 'fa fa-try'),
(472, 'fa fa-turkish-lira'),
(473, 'fa fa-usd'),
(474, 'fa fa-won'),
(475, 'fa fa-yen'),
(476, 'fa fa-align-center'),
(477, 'fa fa-align-justify'),
(478, 'fa fa-align-left'),
(479, 'fa fa-align-right'),
(480, 'fa fa-bold'),
(481, 'fa fa-chain'),
(482, 'fa fa-chain-broken'),
(483, 'fa fa-clipboard'),
(484, 'fa fa-columns'),
(485, 'fa fa-copy'),
(486, 'fa fa-cut'),
(487, 'fa fa-dedent'),
(488, 'fa fa-eraser'),
(489, 'fa fa-file'),
(490, 'fa fa-file-o'),
(491, 'fa fa-file-text'),
(492, 'fa fa-file-text-o'),
(493, 'fa fa-files-o'),
(494, 'fa fa-floppy-o'),
(495, 'fa fa-font'),
(496, 'fa fa-header'),
(497, 'fa fa-indent'),
(498, 'fa fa-italic'),
(499, 'fa fa-link'),
(500, 'fa fa-list'),
(501, 'fa fa-list-alt'),
(502, 'fa fa-list-ol'),
(503, 'fa fa-list-ul'),
(504, 'fa fa-outdent'),
(505, 'fa fa-paperclip'),
(506, 'fa fa-paragraph'),
(507, 'fa fa-paste'),
(508, 'fa fa-repeat'),
(509, 'fa fa-rotate-left'),
(510, 'fa fa-rotate-right'),
(511, 'fa fa-save'),
(512, 'fa fa-scissors'),
(513, 'fa fa-strikethrough'),
(514, 'fa fa-subscript'),
(515, 'fa fa-superscript'),
(516, 'fa fa-table'),
(517, 'fa fa-text-height'),
(518, 'fa fa-text-width'),
(519, 'fa fa-th'),
(520, 'fa fa-th-large'),
(521, 'fa fa-th-list'),
(522, 'fa fa-underline'),
(523, 'fa fa-undo'),
(524, 'fa fa-unlink'),
(525, 'fa fa-angle-double-down'),
(526, 'fa fa-angle-double-left'),
(527, 'fa fa-angle-double-right'),
(528, 'fa fa-angle-double-up'),
(529, 'fa fa-angle-down'),
(530, 'fa fa-angle-left'),
(531, 'fa fa-angle-right'),
(532, 'fa fa-angle-up'),
(533, 'fa fa-arrow-circle-down'),
(534, 'fa fa-arrow-circle-left'),
(535, 'fa fa-arrow-circle-o-down'),
(536, 'fa fa-arrow-circle-o-left'),
(537, 'fa fa-arrow-circle-o-right'),
(538, 'fa fa-arrow-circle-o-up'),
(539, 'fa fa-arrow-circle-right'),
(540, 'fa fa-arrow-circle-up'),
(541, 'fa fa-arrow-down'),
(542, 'fa fa-arrow-left'),
(543, 'fa fa-arrow-right'),
(544, 'fa fa-arrow-up'),
(545, 'fa fa-arrows'),
(546, 'fa fa-arrows-alt'),
(547, 'fa fa-arrows-h'),
(548, 'fa fa-arrows-v'),
(549, 'fa fa-caret-down'),
(550, 'fa fa-caret-left'),
(551, 'fa fa-caret-right'),
(552, 'fa fa-caret-square-o-down'),
(553, 'fa fa-caret-square-o-left'),
(554, 'fa fa-caret-square-o-right'),
(555, 'fa fa-caret-square-o-up'),
(556, 'fa fa-caret-up'),
(557, 'fa fa-chevron-circle-down'),
(558, 'fa fa-chevron-circle-left'),
(559, 'fa fa-chevron-circle-right'),
(560, 'fa fa-chevron-circle-up'),
(561, 'fa fa-chevron-down'),
(562, 'fa fa-chevron-left'),
(563, 'fa fa-chevron-right'),
(564, 'fa fa-chevron-up'),
(565, 'fa fa-hand-o-down'),
(566, 'fa fa-hand-o-left'),
(567, 'fa fa-hand-o-right'),
(568, 'fa fa-hand-o-up'),
(569, 'fa fa-long-arrow-down'),
(570, 'fa fa-long-arrow-left'),
(571, 'fa fa-long-arrow-right'),
(572, 'fa fa-long-arrow-up'),
(573, 'fa fa-toggle-down'),
(574, 'fa fa-toggle-left'),
(575, 'fa fa-toggle-right'),
(576, 'fa fa-toggle-up'),
(577, 'fa fa-arrows-alt'),
(578, 'fa fa-backward'),
(579, 'fa fa-compress'),
(580, 'fa fa-eject'),
(581, 'fa fa-expand'),
(582, 'fa fa-fast-backward'),
(583, 'fa fa-fast-forward'),
(584, 'fa fa-forward'),
(585, 'fa fa-pause'),
(586, 'fa fa-play'),
(587, 'fa fa-play-circle'),
(588, 'fa fa-play-circle-o'),
(589, 'fa fa-step-backward'),
(590, 'fa fa-step-forward'),
(591, 'fa fa-stop'),
(592, 'fa fa-youtube-play'),
(593, 'fa fa-adn'),
(594, 'fa fa-android'),
(595, 'fa fa-angellist'),
(596, 'fa fa-apple'),
(597, 'fa fa-behance'),
(598, 'fa fa-behance-square'),
(599, 'fa fa-bitbucket'),
(600, 'fa fa-bitbucket-square'),
(601, 'fa fa-bitcoin'),
(602, 'fa fa-btc'),
(603, 'fa fa-buysellads'),
(604, 'fa fa-cc-amex'),
(605, 'fa fa-cc-discover'),
(606, 'fa fa-cc-mastercard'),
(607, 'fa fa-cc-paypal'),
(608, 'fa fa-cc-stripe'),
(609, 'fa fa-cc-visa'),
(610, 'fa fa-codepen'),
(611, 'fa fa-connectdevelop'),
(612, 'fa fa-css3'),
(613, 'fa fa-dashcube'),
(614, 'fa fa-delicious'),
(615, 'fa fa-deviantart'),
(616, 'fa fa-digg'),
(617, 'fa fa-dribbble'),
(618, 'fa fa-dropbox'),
(619, 'fa fa-drupal'),
(620, 'fa fa-empire'),
(621, 'fa fa-facebook'),
(622, 'fa fa-facebook-f'),
(623, 'fa fa-facebook-square'),
(624, 'fa fa-flickr'),
(625, 'fa fa-forumbee'),
(626, 'fa fa-foursquare'),
(627, 'fa fa-ge'),
(628, 'fa fa-git'),
(629, 'fa fa-git-square'),
(630, 'fa fa-github'),
(631, 'fa fa-github-alt'),
(632, 'fa fa-github-square'),
(633, 'fa fa-gittip'),
(634, 'fa fa-google'),
(635, 'fa fa-google-plus'),
(636, 'fa fa-google-plus-square'),
(637, 'fa fa-google-wallet'),
(638, 'fa fa-gratipay'),
(639, 'fa fa-hacker-news'),
(640, 'fa fa-html5'),
(641, 'fa fa-instagram'),
(642, 'fa fa-ioxhost'),
(643, 'fa fa-joomla'),
(644, 'fa fa-jsfiddle'),
(645, 'fa fa-lastfm'),
(646, 'fa fa-lastfm-square'),
(647, 'fa fa-leanpub'),
(648, 'fa fa-linkedin'),
(649, 'fa fa-linkedin-square'),
(650, 'fa fa-linux'),
(651, 'fa fa-maxcdn'),
(652, 'fa fa-meanpath'),
(653, 'fa fa-medium'),
(654, 'fa fa-openid'),
(655, 'fa fa-pagelines'),
(656, 'fa fa-paypal'),
(657, 'fa fa-pied-piper'),
(658, 'fa fa-pied-piper-alt'),
(659, 'fa fa-pinterest'),
(660, 'fa fa-pinterest-p'),
(661, 'fa fa-pinterest-square'),
(662, 'fa fa-qq'),
(663, 'fa fa-ra'),
(664, 'fa fa-rebel'),
(665, 'fa fa-reddit'),
(666, 'fa fa-reddit-square'),
(667, 'fa fa-renren'),
(668, 'fa fa-sellsy'),
(669, 'fa fa-share-alt'),
(670, 'fa fa-share-alt-square'),
(671, 'fa fa-shirtsinbulk'),
(672, 'fa fa-simplybuilt'),
(673, 'fa fa-skyatlas'),
(674, 'fa fa-skype'),
(675, 'fa fa-slack'),
(676, 'fa fa-slideshare'),
(677, 'fa fa-soundcloud'),
(678, 'fa fa-spotify'),
(679, 'fa fa-stack-exchange'),
(680, 'fa fa-stack-overflow'),
(681, 'fa fa-steam'),
(682, 'fa fa-steam-square'),
(683, 'fa fa-stumbleupon'),
(684, 'fa fa-stumbleupon-circle'),
(685, 'fa fa-tencent-weibo'),
(686, 'fa fa-trello'),
(687, 'fa fa-tumblr'),
(688, 'fa fa-tumblr-square'),
(689, 'fa fa-twitch'),
(690, 'fa fa-twitter'),
(691, 'fa fa-twitter-square'),
(692, 'fa fa-viacoin'),
(693, 'fa fa-vimeo-square'),
(694, 'fa fa-vine'),
(695, 'fa fa-vk'),
(696, 'fa fa-wechat'),
(697, 'fa fa-weibo'),
(698, 'fa fa-weixin'),
(699, 'fa fa-whatsapp'),
(700, 'fa fa-windows'),
(701, 'fa fa-wordpress'),
(702, 'fa fa-xing'),
(703, 'fa fa-xing-square'),
(704, 'fa fa-yahoo'),
(705, 'fa fa-yelp'),
(706, 'fa fa-youtube'),
(707, 'fa fa-youtube-square'),
(708, 'fa fa-ambulance'),
(709, 'fa fa-h-square'),
(710, 'fa fa-heart'),
(711, 'fa fa-heart-o'),
(712, 'fa fa-heartbeat'),
(713, 'fa fa-hospital-o'),
(714, 'fa fa-medkit'),
(715, 'fa fa-plus-square'),
(716, 'fa fa-stethoscope'),
(717, 'fa fa-user-md'),
(718, 'fa fa-wheelchair');

-- --------------------------------------------------------

--
-- Estrutura para tabela `icons_social`
--

CREATE TABLE `icons_social` (
  `icon_id` int(11) NOT NULL,
  `icon_class` varchar(200) DEFAULT NULL
) ENGINE=InnoDB DEFAULT CHARSET=utf8mb3 COLLATE=utf8mb3_general_ci;

--
-- Despejando dados para a tabela `icons_social`
--

INSERT INTO `icons_social` (`icon_id`, `icon_class`) VALUES
(1, 'fa fa-500px'),
(2, 'fa fa-amazon'),
(3, 'fa fa-adn'),
(4, 'fa fa-android'),
(5, 'fa fa-angellist'),
(6, 'fa fa-apple'),
(7, 'fa fa-bandcamp'),
(8, 'fa fa-behance'),
(9, 'fa fa-behance-square'),
(10, 'fa fa-bitbucket'),
(11, 'fa fa-bitbucket-square'),
(12, 'fa fa-bitcoin'),
(13, 'fa fa-black-tie'),
(14, 'fa fa-bluetooth'),
(15, 'fa fa-bluetooth-b'),
(16, 'fa fa-btc'),
(17, 'fa fa-buysellads'),
(18, 'fa fa-cc-amex'),
(19, 'fa fa-cc-diners-club'),
(20, 'fa fa-cc-mastercard'),
(21, 'fa fa-cc-paypal'),
(22, 'fa fa-cc-stripe'),
(23, 'fa fa-cc-visa'),
(24, 'fa fa-chrome'),
(25, 'fa fa-codepen'),
(26, 'fa fa-codiepie'),
(27, 'fa fa-connectdevelop'),
(28, 'fa fa-contao'),
(29, 'fa fa-css3'),
(30, 'fa fa-dashcube'),
(31, 'fa fa-delicious'),
(32, 'fa fa-deviantart'),
(33, 'fa fa-digg'),
(34, 'fa fa-dribbble'),
(35, 'fa fa-dropbox'),
(36, 'fa fa-drupal'),
(37, 'fa fa-edge'),
(38, 'fa fa-eercast'),
(39, 'fa fa-empire'),
(40, 'fa fa-envira'),
(41, 'fa fa-etsy'),
(42, 'fa fa-expeditedssl'),
(43, 'fa fa-fa'),
(44, 'fa fa-facebook'),
(45, 'fa fa-facebook-f'),
(46, 'fa fa-facebook-official'),
(47, 'fa fa-facebook-square'),
(48, 'fa fa-firefox'),
(49, 'fa fa-first-order'),
(50, 'fa fa-flickr'),
(51, 'fa fa-fonticons'),
(52, 'fa fa-font-awesome'),
(53, 'fa fa-fort-awesome'),
(54, 'fa fa-forumbee'),
(55, 'fa fa-foursquare'),
(56, 'fa fa-free-code-camp'),
(57, 'fa fa-ge'),
(58, 'fa fa-get-pocket'),
(59, 'fa fa-gg'),
(60, 'fa fa-gg-circle'),
(61, 'fa fa-git'),
(62, 'fa fa-git-square'),
(63, 'fa fa-github'),
(64, 'fa fa-github-alt'),
(65, 'fa fa-github-square'),
(66, 'fa fa-gitlab'),
(67, 'fa fa-gittip'),
(68, 'fa fa-glide'),
(69, 'fa fa-glide-g'),
(70, 'fa fa-google'),
(71, 'fa fa-google-plus'),
(72, 'fa fa-google-plus-circle'),
(73, 'fa fa-google-plus-official'),
(74, 'fa fa-google-plus-square'),
(75, 'fa fa-google-wallet'),
(76, 'fa fa-gratipay'),
(77, 'fa fa-grav'),
(78, 'fa fa-hacker-news'),
(79, 'fa fa-houzz'),
(80, 'fa fa-html5'),
(81, 'fa fa-imdb'),
(82, 'fa fa-instagram'),
(83, 'fa fa-internet-explorer'),
(84, 'fa fa-ioxhost'),
(85, 'fa fa-joomla'),
(86, 'fa fa-jsfiddle'),
(87, 'fa fa-lastfm'),
(88, 'fa fa-lastfm-square'),
(89, 'fa fa-leanpub'),
(90, 'fa fa-linkedin'),
(91, 'fa fa-linkedin-square'),
(92, 'fa fa-linode'),
(93, 'fa fa-linux'),
(94, 'fa fa-maxcdn'),
(95, 'fa fa-meanpath'),
(96, 'fa fa-medium'),
(97, 'fa fa-meetup'),
(98, 'fa fa-mixcloud'),
(99, 'fa fa-modx'),
(100, 'fa fa-odnoklassniki'),
(101, 'fa fa-odnoklassniki-square'),
(102, 'fa fa-opencart'),
(103, 'fa fa-openid'),
(104, 'fa fa-opera'),
(105, 'fa fa-optin-monster'),
(106, 'fa fa-pagelines'),
(107, 'fa fa-paypal'),
(108, 'fa fa-pied-piper'),
(109, 'fa fa-pied-piper-alt'),
(110, 'fa fa-pinterest'),
(111, 'fa fa-pinterest-p'),
(112, 'fa fa-pinterest-square'),
(113, 'fa fa-product-hunt'),
(114, 'fa fa-qq'),
(115, 'fa fa-quora'),
(116, 'fa fa-ra'),
(117, 'fa fa-ravelry'),
(118, 'fa fa-rebel'),
(119, 'fa fa-reddit'),
(120, 'fa fa-reddit-alien'),
(121, 'fa fa-reddit-square'),
(122, 'fa fa-renren'),
(123, 'fa fa-safari'),
(124, 'fa fa-scribd'),
(125, 'fa fa-sellsy'),
(126, 'fa fa-share-alt'),
(127, 'fa fa-share-alt-square'),
(128, 'fa fa-shirtsinbulk'),
(129, 'fa fa-snapchat'),
(130, 'fa fa-snapchat-square'),
(131, 'fa fa-simplybuilt'),
(132, 'fa fa-skyatlas'),
(133, 'fa fa-skype'),
(134, 'fa fa-slack'),
(135, 'fa fa-slideshare'),
(136, 'fa fa-soundcloud'),
(137, 'fa fa-spotify'),
(138, 'fa fa-stack-exchange'),
(139, 'fa fa-stack-overflow'),
(140, 'fa fa-steam'),
(141, 'fa fa-steam-square'),
(142, 'fa fa-stumbleupon'),
(143, 'fa fa-stumbleupon-circle'),
(144, 'fa fa-superpowers'),
(145, 'fa fa-telegram'),
(146, 'fa fa-tencent-weibo'),
(147, 'fa fa-themeisle'),
(148, 'fa fa-trello'),
(149, 'fa fa-tripadvisor'),
(150, 'fa fa-tumblr'),
(151, 'fa fa-tumblr-square'),
(152, 'fa fa-twitch'),
(153, 'fa fa-twitter'),
(154, 'fa fa-twitter-square'),
(155, 'fa fa-usb'),
(156, 'fa fa-viacoin'),
(157, 'fa fa-viadeo'),
(158, 'fa fa-viadeo-square'),
(159, 'fa fa-vimeo'),
(160, 'fa fa-vimeo-square'),
(161, 'fa fa-vine'),
(162, 'fa fa-vk'),
(163, 'fa fa-wechat'),
(164, 'fa fa-weibo'),
(165, 'fa fa-weixin'),
(166, 'fa fa-whatsapp'),
(167, 'fa fa-wikipedia-w'),
(168, 'fa fa-windows'),
(169, 'fa fa-wordpress'),
(170, 'fa fa-wpbeginner'),
(171, 'fa fa-wpexplorer'),
(172, 'fa fa-wpforms'),
(173, 'fa fa-xing'),
(174, 'fa fa-xing-square'),
(175, 'fa fa-y-combinator'),
(176, 'fa fa-yahoo'),
(177, 'fa fa-yelp'),
(178, 'fa fa-yc'),
(179, 'fa fa-yoast'),
(180, 'fa fa-youtube'),
(181, 'fa fa-youtube-play'),
(182, 'fa fa-youtube-square');

-- --------------------------------------------------------

--
-- Estrutura para tabela `mensagens`
--

CREATE TABLE `mensagens` (
  `mensagem_id` int(10) NOT NULL,
  `mensagem_nome` varchar(255) NOT NULL,
  `mensagem_texto` longtext NOT NULL,
  `mensagem_data` date NOT NULL,
  `mensagem_envio` datetime DEFAULT '0000-00-00 00:00:00'
) ENGINE=InnoDB DEFAULT CHARSET=utf8mb3 COLLATE=utf8mb3_general_ci;

--
-- Despejando dados para a tabela `mensagens`
--

INSERT INTO `mensagens` (`mensagem_id`, `mensagem_nome`, `mensagem_texto`, `mensagem_data`, `mensagem_envio`) VALUES
(1, 'Mensagem Teste', '<p>teste</p>', '2017-11-11', '2023-02-22 13:23:16');

-- --------------------------------------------------------

--
-- Estrutura para tabela `modulo1`
--

CREATE TABLE `modulo1` (
  `modulo1_id` int(11) NOT NULL,
  `modulo1_nome` varchar(200) DEFAULT NULL,
  `modulo1_subtitulo1` text DEFAULT NULL,
  `modulo1_conteudo1` longtext DEFAULT NULL,
  `modulo1_status` int(11) DEFAULT 0
) ENGINE=InnoDB DEFAULT CHARSET=utf8mb3 COLLATE=utf8mb3_general_ci;

--
-- Despejando dados para a tabela `modulo1`
--

INSERT INTO `modulo1` (`modulo1_id`, `modulo1_nome`, `modulo1_subtitulo1`, `modulo1_conteudo1`, `modulo1_status`) VALUES
(1, 'Bem-Vindo(a)!!!!', 'Seja bem-vindo ao nosso Blog', '<!DOCTYPE html>\r\n<html>\r\n<head>\r\n</head>\r\n<body>\r\n\r\n</body>\r\n</html>', 0);

-- --------------------------------------------------------

--
-- Estrutura para tabela `modulo2`
--

CREATE TABLE `modulo2` (
  `modulo2_id` int(11) NOT NULL,
  `modulo2_nome` text NOT NULL,
  `modulo2_nome1` text NOT NULL,
  `modulo2_nome2` varchar(200) DEFAULT NULL,
  `modulo2_nome3` varchar(200) DEFAULT NULL,
  `modulo2_nome4` varchar(200) DEFAULT NULL,
  `modulo2_nome5` varchar(200) DEFAULT NULL,
  `modulo2_nome6` varchar(200) DEFAULT NULL,
  `modulo2_nome7` varchar(200) DEFAULT NULL,
  `modulo2_nome8` varchar(200) DEFAULT NULL,
  `modulo2_status` int(11) DEFAULT NULL
) ENGINE=InnoDB DEFAULT CHARSET=utf8mb3 COLLATE=utf8mb3_general_ci;

--
-- Despejando dados para a tabela `modulo2`
--

INSERT INTO `modulo2` (`modulo2_id`, `modulo2_nome`, `modulo2_nome1`, `modulo2_nome2`, `modulo2_nome3`, `modulo2_nome4`, `modulo2_nome5`, `modulo2_nome6`, `modulo2_nome7`, `modulo2_nome8`, `modulo2_status`) VALUES
(1, 'Home', 'Quem Somos', 'Projetos', 'Blog', 'Vídeos', 'Contato', 'Ãreas', 'Equipe', '', 0);

-- --------------------------------------------------------

--
-- Estrutura para tabela `modulo3`
--

CREATE TABLE `modulo3` (
  `modulo3_id` int(11) NOT NULL,
  `modulo3_nome` text DEFAULT NULL,
  `modulo3_descricao` longtext DEFAULT NULL,
  `modulo3_status` int(11) DEFAULT 0,
  `modulo3_foto` varchar(200) DEFAULT NULL,
  `modulo3_imagem` varchar(200) DEFAULT ''
) ENGINE=InnoDB DEFAULT CHARSET=utf8mb3 COLLATE=utf8mb3_general_ci;

--
-- Despejando dados para a tabela `modulo3`
--

INSERT INTO `modulo3` (`modulo3_id`, `modulo3_nome`, `modulo3_descricao`, `modulo3_status`, `modulo3_foto`, `modulo3_imagem`) VALUES
(1, 'Nossa Empresa', '<!DOCTYPE html>\r\n<html>\r\n<head>\r\n</head>\r\n<body>\r\n<p>It is a long established fact that a reader will be distracted by the readable content. Phasellus ac mi quam. Suspendisse eu erat venenatis, euismod tellus sollicitudin, egestas lacus. It is a long established fact that a reader will be distracted by the readable content. Phasellus ac mi quam. Suspendisse eu erat venenatis, euismod tellus sollicitudin, egestas lacus.&nbsp;</p>\r\n</body>\r\n</html>', 1, '71507657484.jpg', '1511373144.jpg');

-- --------------------------------------------------------

--
-- Estrutura para tabela `modulo4`
--

CREATE TABLE `modulo4` (
  `modulo4_id` int(11) NOT NULL,
  `modulo4_top` text DEFAULT NULL,
  `modulo4_side` text DEFAULT NULL,
  `modulo4_side1` varchar(200) DEFAULT NULL,
  `modulo4_bottom` text DEFAULT NULL,
  `modulo4_status` int(11) DEFAULT NULL
) ENGINE=InnoDB DEFAULT CHARSET=utf8mb3 COLLATE=utf8mb3_general_ci;

--
-- Despejando dados para a tabela `modulo4`
--

INSERT INTO `modulo4` (`modulo4_id`, `modulo4_top`, `modulo4_side`, `modulo4_side1`, `modulo4_bottom`, `modulo4_status`) VALUES
(1, '<center><script language=\"JavaScript1.1\" src=\"https://t.dynad.net/script/?dc=5550002911;ord=1509196195836;idt_product=21;idt_url=325990;idt_label=85223;idt_category=60;click=\"></script></center>', '<div style=\"margin: 0-3px 16px -3px;\">\r\n<script language=\"JavaScript1.1\" src=\"https://t.dynad.net/script/?dc=5550002675;ord=1509199567429;idt_product=10;idt_url=325990;idt_label=85223;idt_category=17;click=\"></script>\r\n</div>\r\n<div class=\"call-inner\">\r\n   <h4>Anuncie Aqui</h4>\r\n	<a href=\"#contact\" class=\"btn\"><i class=\"fa fa-cart-arrow-down\"></i>Clique Aqui</a>\r\n</div>', 'Publicidade', '<center><script language=\"JavaScript1.1\" src=\"https://t.dynad.net/script/?dc=5550002449;ord=1509199408724;idt_product=15;idt_url=325990;idt_label=85223;idt_category=53,48;click=\"></script></center>', 0);

-- --------------------------------------------------------

--
-- Estrutura para tabela `modulo5`
--

CREATE TABLE `modulo5` (
  `modulo5_id` int(11) NOT NULL,
  `modulo5_nome` varchar(200) DEFAULT NULL,
  `modulo5_descricao` text DEFAULT NULL,
  `modulo5_status` int(11) DEFAULT NULL,
  `modulo5_imagem` varchar(200) DEFAULT NULL,
  `modulo5_limite` int(11) DEFAULT NULL
) ENGINE=InnoDB DEFAULT CHARSET=utf8mb3 COLLATE=utf8mb3_general_ci;

--
-- Despejando dados para a tabela `modulo5`
--

INSERT INTO `modulo5` (`modulo5_id`, `modulo5_nome`, `modulo5_descricao`, `modulo5_status`, `modulo5_imagem`, `modulo5_limite`) VALUES
(1, 'Os que os nossos clientes estão dizendo?', '', 1, '1507217787.jpg', 4);

-- --------------------------------------------------------

--
-- Estrutura para tabela `modulo6`
--

CREATE TABLE `modulo6` (
  `modulo6_id` int(11) NOT NULL,
  `modulo6_nome` varchar(200) DEFAULT NULL,
  `modulo6_descricao` text NOT NULL,
  `modulo6_nome1` text NOT NULL,
  `modulo6_descricao1` text NOT NULL,
  `modulo6_imagem` varchar(200) DEFAULT NULL,
  `modulo6_status` int(11) DEFAULT 0
) ENGINE=InnoDB DEFAULT CHARSET=utf8mb3 COLLATE=utf8mb3_general_ci;

--
-- Despejando dados para a tabela `modulo6`
--

INSERT INTO `modulo6` (`modulo6_id`, `modulo6_nome`, `modulo6_descricao`, `modulo6_nome1`, `modulo6_descricao1`, `modulo6_imagem`, `modulo6_status`) VALUES
(1, 'Ãreas de Atuação', 'Lorem ipsum dolor sit amet, consectetur adipisicing elit, sed do eiusmod tempor incididunt ut labore et dolore magna aliqua. Ut enim ad minim veniam, quis nostrud exercitation.', '', '', '', 1);

-- --------------------------------------------------------

--
-- Estrutura para tabela `modulo7`
--

CREATE TABLE `modulo7` (
  `modulo7_id` int(11) NOT NULL,
  `modulo7_nome` varchar(200) DEFAULT NULL,
  `modulo7_descricao` text DEFAULT NULL,
  `modulo7_imagem` varchar(200) DEFAULT NULL,
  `modulo7_status` int(11) DEFAULT 0
) ENGINE=InnoDB DEFAULT CHARSET=utf8mb3 COLLATE=utf8mb3_general_ci;

--
-- Despejando dados para a tabela `modulo7`
--

INSERT INTO `modulo7` (`modulo7_id`, `modulo7_nome`, `modulo7_descricao`, `modulo7_imagem`, `modulo7_status`) VALUES
(1, 'Projetos', 'Conheça nosso portfólio', '1507993390.jpg', 1);

-- --------------------------------------------------------

--
-- Estrutura para tabela `modulo8`
--

CREATE TABLE `modulo8` (
  `modulo8_id` int(11) NOT NULL,
  `modulo8_nome` varchar(200) DEFAULT NULL,
  `modulo8_descricao` text DEFAULT NULL,
  `modulo8_status` int(11) DEFAULT 0
) ENGINE=InnoDB DEFAULT CHARSET=utf8mb3 COLLATE=utf8mb3_general_ci;

--
-- Despejando dados para a tabela `modulo8`
--

INSERT INTO `modulo8` (`modulo8_id`, `modulo8_nome`, `modulo8_descricao`, `modulo8_status`) VALUES
(1, 'Parceiros', 'Conheça as empresas parceiras', 1);

-- --------------------------------------------------------

--
-- Estrutura para tabela `modulo9`
--

CREATE TABLE `modulo9` (
  `modulo9_id` int(11) NOT NULL,
  `modulo9_nome` varchar(200) DEFAULT NULL,
  `modulo9_subtitulo` text DEFAULT NULL,
  `modulo9_button` varchar(200) DEFAULT NULL,
  `modulo9_imagem` varchar(200) NOT NULL,
  `modulo9_status` int(11) DEFAULT NULL
) ENGINE=InnoDB DEFAULT CHARSET=utf8mb3 COLLATE=utf8mb3_general_ci;

--
-- Despejando dados para a tabela `modulo9`
--

INSERT INTO `modulo9` (`modulo9_id`, `modulo9_nome`, `modulo9_subtitulo`, `modulo9_button`, `modulo9_imagem`, `modulo9_status`) VALUES
(1, 'Fale Conosco', 'Escreva para nós e receba mais informações!', 'Enviar Mensagem', '', 1);

-- --------------------------------------------------------

--
-- Estrutura para tabela `modulo10`
--

CREATE TABLE `modulo10` (
  `modulo10_id` int(11) NOT NULL,
  `modulo10_nome` varchar(200) DEFAULT NULL,
  `modulo10_subtitulo` varchar(200) DEFAULT NULL,
  `modulo10_icon` varchar(200) DEFAULT NULL,
  `modulo10_button` varchar(200) DEFAULT NULL,
  `modulo10_button1` varchar(200) DEFAULT NULL,
  `modulo10_status` varchar(200) DEFAULT NULL,
  `modulo10_imagem` varchar(200) DEFAULT NULL,
  `modulo10_paginacao` int(11) DEFAULT NULL,
  `modulo10_comment` int(11) NOT NULL,
  `modulo10_tags` int(2) NOT NULL DEFAULT 1
) ENGINE=InnoDB DEFAULT CHARSET=utf8mb3 COLLATE=utf8mb3_general_ci;

--
-- Despejando dados para a tabela `modulo10`
--

INSERT INTO `modulo10` (`modulo10_id`, `modulo10_nome`, `modulo10_subtitulo`, `modulo10_icon`, `modulo10_button`, `modulo10_button1`, `modulo10_status`, `modulo10_imagem`, `modulo10_paginacao`, `modulo10_comment`, `modulo10_tags`) VALUES
(1, 'Nós Amamos Escrever', 'Lorem ipsum dolor sit amet, consectetur adipisicing elit, sed do eiusmod tempor incididunt ut labore et dolore magna aliqua. Ut enim ad minim veniam, quis nostrud exercitation.', '', 'Últimos Posts', 'leia mais', '1', '1507658588.jpg', 10, 1, 1);

-- --------------------------------------------------------

--
-- Estrutura para tabela `modulo11`
--

CREATE TABLE `modulo11` (
  `modulo11_id` int(11) NOT NULL,
  `modulo11_nome` varchar(200) DEFAULT NULL,
  `modulo11_button` varchar(200) DEFAULT NULL
) ENGINE=InnoDB DEFAULT CHARSET=utf8mb3 COLLATE=utf8mb3_general_ci;

--
-- Despejando dados para a tabela `modulo11`
--

INSERT INTO `modulo11` (`modulo11_id`, `modulo11_nome`, `modulo11_button`) VALUES
(1, '', 'Kit Sites  © 2018 | All Rights Reserved.');

-- --------------------------------------------------------

--
-- Estrutura para tabela `modulo12`
--

CREATE TABLE `modulo12` (
  `modulo12_id` int(11) NOT NULL,
  `modulo12_nome` varchar(200) DEFAULT NULL,
  `modulo12_descricao` text DEFAULT NULL,
  `modulo12_imagem` varchar(200) DEFAULT NULL,
  `modulo12_status` int(11) DEFAULT 0
) ENGINE=InnoDB DEFAULT CHARSET=utf8mb3 COLLATE=utf8mb3_general_ci;

--
-- Despejando dados para a tabela `modulo12`
--

INSERT INTO `modulo12` (`modulo12_id`, `modulo12_nome`, `modulo12_descricao`, `modulo12_imagem`, `modulo12_status`) VALUES
(1, 'Vídeos', 'Vídeos + Recentes', '1507991160.jpg', 1);

-- --------------------------------------------------------

--
-- Estrutura para tabela `modulo13`
--

CREATE TABLE `modulo13` (
  `modulo13_id` int(11) NOT NULL,
  `modulo13_nome` varchar(200) DEFAULT NULL,
  `modulo13_descricao` text DEFAULT NULL,
  `modulo13_status` int(11) NOT NULL
) ENGINE=InnoDB DEFAULT CHARSET=utf8mb3 COLLATE=utf8mb3_general_ci;

--
-- Despejando dados para a tabela `modulo13`
--

INSERT INTO `modulo13` (`modulo13_id`, `modulo13_nome`, `modulo13_descricao`, `modulo13_status`) VALUES
(1, 'Equipe', 'Somos uma pequena equipa com grandes habilidades...', 1);

-- --------------------------------------------------------

--
-- Estrutura para tabela `modulo14`
--

CREATE TABLE `modulo14` (
  `modulo14_id` int(11) NOT NULL,
  `modulo14_icon1` varchar(20) NOT NULL,
  `modulo14_text1` varchar(200) NOT NULL,
  `modulo14_descricao1` text NOT NULL,
  `modulo14_icon2` varchar(20) NOT NULL,
  `modulo14_text2` varchar(200) NOT NULL,
  `modulo14_descricao2` text NOT NULL,
  `modulo14_icon3` varchar(20) NOT NULL,
  `modulo14_text3` varchar(200) NOT NULL,
  `modulo14_descricao3` text NOT NULL,
  `modulo14_icon4` varchar(20) NOT NULL,
  `modulo14_text4` varchar(200) NOT NULL,
  `modulo14_descricao4` text NOT NULL,
  `modulo14_imagem` varchar(200) NOT NULL,
  `modulo14_status` int(11) NOT NULL
) ENGINE=InnoDB DEFAULT CHARSET=utf8mb3 COLLATE=utf8mb3_general_ci;

--
-- Despejando dados para a tabela `modulo14`
--

INSERT INTO `modulo14` (`modulo14_id`, `modulo14_icon1`, `modulo14_text1`, `modulo14_descricao1`, `modulo14_icon2`, `modulo14_text2`, `modulo14_descricao2`, `modulo14_icon3`, `modulo14_text3`, `modulo14_descricao3`, `modulo14_icon4`, `modulo14_text4`, `modulo14_descricao4`, `modulo14_imagem`, `modulo14_status`) VALUES
(1, 'fa fa-check', '1297', 'Projetos Entregues', 'fa fa-star', '4852', 'Clientes Satisfeitos', 'fa fa-pencil-square', '13741', 'Horas Trabalhadas', 'fa fa-coffee', '15621', 'Xícaras de Café', '1507149895.jpg', 1);

-- --------------------------------------------------------

--
-- Estrutura para tabela `modulo15`
--

CREATE TABLE `modulo15` (
  `modulo15_id` int(11) NOT NULL,
  `modulo15_nome` varchar(200) NOT NULL,
  `modulo15_subtitulo` text NOT NULL,
  `modulo15_button` varchar(20) NOT NULL,
  `modulo15_status` int(11) NOT NULL,
  `modulo15_imagem` varchar(200) NOT NULL,
  `modulo15_envios` int(11) NOT NULL
) ENGINE=InnoDB DEFAULT CHARSET=utf8mb3 COLLATE=utf8mb3_general_ci;

--
-- Despejando dados para a tabela `modulo15`
--

INSERT INTO `modulo15` (`modulo15_id`, `modulo15_nome`, `modulo15_subtitulo`, `modulo15_button`, `modulo15_status`, `modulo15_imagem`, `modulo15_envios`) VALUES
(1, 'Assinar a Newsletter', 'Assine nossa Newsletter e receba nosso informativo mensal', 'Assinar', 1, 'news.jpg', 3000);

-- --------------------------------------------------------

--
-- Estrutura para tabela `modulo16`
--

CREATE TABLE `modulo16` (
  `modulo16_id` int(11) NOT NULL,
  `modulo16_nome` varchar(200) NOT NULL,
  `modulo16_userid` varchar(200) NOT NULL,
  `modulo16_status` int(11) NOT NULL
) ENGINE=InnoDB DEFAULT CHARSET=utf8mb3 COLLATE=utf8mb3_general_ci;

--
-- Despejando dados para a tabela `modulo16`
--

INSERT INTO `modulo16` (`modulo16_id`, `modulo16_nome`, `modulo16_userid`, `modulo16_status`) VALUES
(1, 'Instagram Microsoft', 'microsoft', 0);

-- --------------------------------------------------------

--
-- Estrutura para tabela `modulo17`
--

CREATE TABLE `modulo17` (
  `modulo17_id` int(11) NOT NULL DEFAULT 1,
  `modulo17_nome` varchar(200) NOT NULL,
  `modulo17_subtitulo` varchar(200) NOT NULL,
  `modulo17_button` varchar(200) NOT NULL,
  `modulo17_imagem` varchar(200) NOT NULL,
  `modulo17_paginacao` int(11) NOT NULL,
  `modulo17_comment` int(11) NOT NULL,
  `modulo17_status` int(11) NOT NULL
) ENGINE=InnoDB DEFAULT CHARSET=utf8mb3 COLLATE=utf8mb3_general_ci;

--
-- Despejando dados para a tabela `modulo17`
--

INSERT INTO `modulo17` (`modulo17_id`, `modulo17_nome`, `modulo17_subtitulo`, `modulo17_button`, `modulo17_imagem`, `modulo17_paginacao`, `modulo17_comment`, `modulo17_status`) VALUES
(1, 'Páginas', 'Nós Amamos Escrever', 'Leia mais', '1507658588.jpg', 10, 1, 1);

-- --------------------------------------------------------

--
-- Estrutura para tabela `modulo18`
--

CREATE TABLE `modulo18` (
  `modulo18_id` int(11) NOT NULL,
  `modulo18_nome` varchar(255) CHARACTER SET utf8mb3 COLLATE utf8mb3_general_ci NOT NULL,
  `modulo18_descricao` text CHARACTER SET utf8mb3 COLLATE utf8mb3_general_ci NOT NULL,
  `modulo18_imagem` varchar(255) CHARACTER SET utf8mb3 COLLATE utf8mb3_general_ci DEFAULT NULL,
  `modulo18_status` int(1) NOT NULL DEFAULT 1
) ENGINE=MyISAM DEFAULT CHARSET=latin1 COLLATE=latin1_swedish_ci;

--
-- Despejando dados para a tabela `modulo18`
--

INSERT INTO `modulo18` (`modulo18_id`, `modulo18_nome`, `modulo18_descricao`, `modulo18_imagem`, `modulo18_status`) VALUES
(1, 'Política de Privacidade', '<!DOCTYPE html>\r\n<html>\r\n<head>\r\n</head>\r\n<body>\r\n<p style=\"font-weight: 400;\"><strong>Pol&iacute;tica de PROTE&Ccedil;&Atilde;O DE DADOS PESSOAIS</strong></p>\r\n<p style=\"font-weight: 400;\">&nbsp;Descri&ccedil;&atilde;o da Pol&iacute;tica de Privacidade</p>\r\n<p style=\"font-weight: 400;\">&nbsp;</p>\r\n</body>\r\n</html>', '1613403067.jpg', 1);

-- --------------------------------------------------------

--
-- Estrutura para tabela `modulo_aparencia`
--

CREATE TABLE `modulo_aparencia` (
  `modulo_aparencia_id` int(11) NOT NULL,
  `modulo_aparencia_cor` varchar(200) DEFAULT NULL,
  `modulo_aparencia_idioma` varchar(200) NOT NULL DEFAULT 'pt',
  `modulo_aparencia_favicon` varchar(200) DEFAULT NULL,
  `modulo_aparencia_logo` varchar(200) DEFAULT NULL,
  `modulo_aparencia_rodape` varchar(200) DEFAULT '',
  `modulo_aparencia_slide` int(11) NOT NULL DEFAULT 1,
  `modulo_aparencia_pelicula` int(2) DEFAULT 0
) ENGINE=InnoDB DEFAULT CHARSET=utf8mb3 COLLATE=utf8mb3_general_ci;

--
-- Despejando dados para a tabela `modulo_aparencia`
--

INSERT INTO `modulo_aparencia` (`modulo_aparencia_id`, `modulo_aparencia_cor`, `modulo_aparencia_idioma`, `modulo_aparencia_favicon`, `modulo_aparencia_logo`, `modulo_aparencia_rodape`, `modulo_aparencia_slide`, `modulo_aparencia_pelicula`) VALUES
(1, 'cherry', 'pt', '1508940280.png', '1508948400.png', '991508948400.png', 1, 20);

-- --------------------------------------------------------

--
-- Estrutura para tabela `pagina`
--

CREATE TABLE `pagina` (
  `pagina_id` int(11) NOT NULL,
  `pagina_nome` varchar(200) DEFAULT NULL,
  `pagina_imagem` varchar(200) DEFAULT NULL,
  `pagina_descricao` longtext DEFAULT NULL,
  `pagina_pos` int(11) DEFAULT 0,
  `pagina_area` int(11) DEFAULT NULL,
  `pagina_data` varchar(200) DEFAULT NULL,
  `pagina_date` date DEFAULT '0000-00-00',
  `pagina_autor` varchar(200) DEFAULT NULL,
  `pagina_description` varchar(200) DEFAULT NULL,
  `pagina_keywords` varchar(200) DEFAULT NULL
) ENGINE=InnoDB DEFAULT CHARSET=utf8mb3 COLLATE=utf8mb3_general_ci;

--
-- Despejando dados para a tabela `pagina`
--

INSERT INTO `pagina` (`pagina_id`, `pagina_nome`, `pagina_imagem`, `pagina_descricao`, `pagina_pos`, `pagina_area`, `pagina_data`, `pagina_date`, `pagina_autor`, `pagina_description`, `pagina_keywords`) VALUES
(1, 'As Maravilhas da Tecnologia 4G', '1510661905.jpg', '<!DOCTYPE html>\r\n<html>\r\n<head>\r\n</head>\r\n<body>\r\n<p><strong>Conectado como se estivesse no escrit&oacute;rio</strong></p>\r\n<p>Elit sit, parturient in nunc dapibus. Nec? Porta porta, adipiscing odio habitasse, a mid? Scelerisque aliquet tristique et tortor porta nisi montes pid magna, dictumst magnis et porttitor sociis elit montes pid! Ut turpis etiam adipiscing. Elementum placerat. Dictumst, nisi, etiam, facilisis! Nisi massa! Turpis scelerisque integer urna lacus dignissim mauris nec duis, ultrices velit elementum? Placerat urna vut, purus odio cras aenean dapibus arcu parturient, lorem augue, mauris et est placerat, et lorem. Aliquam lacus ridiculus augue. Aliquet nisi, magna amet tortor lorem, pulvinar habitasse proin sociis, nisi eu? Purus scelerisque mus auctor et duis, aliquam tristique natoque montes, montes turpis magna mus ultricies tempor sit auctor integer. Penatibus. Nascetur et, sit, porttitor magna sed porta amet nunc vut.</p>\r\n<p>Adipiscing porta in pellentesque cras vut mauris tincidunt augue! Placerat non. Egestas? In augue? Nec rhoncus turpis cras porta pid? Pulvinar dolor magnis adipiscing magna nec egestas ultricies diam. Adipiscing mauris mid. Ut enim, a, tristique natoque mus pellentesque, adipiscing ut, montes augue turpis enim proin lorem! Eu aliquet, dis? Dictumst ac integer ut sed, egestas diam enim duis! Eu dapibus, vel sit urna, proin ut tristique phasellus in nisi hac non phasellus integer pulvinar? Mattis, et ridiculus proin? Odio dignissim in. Sit mauris proin. Ultricies, habitasse? Et ac est et lacus! Ultrices, porta habitasse? Tortor rhoncus nisi turpis, aenean, nisi ultricies mus scelerisque. Nisi augue facilisis? Proin rhoncus rhoncus, lacus in ut? Dis nunc ac dolor scelerisque nisi.</p>\r\n</body>\r\n</html>', 0, 2, '02/10/2017', '2017-02-10', '', 'ConheÃ§a nosso blog! Em vista de procurar um novo mÃ©todo de interaÃ§Ã£o com os leitores e leitoras da nossa pÃ¡gina web, produzimos um blog para melhor', 'portifolio, design, clean, 4G, tecnologia'),
(2, 'Blog post title', '1510662003.jpg', '<!DOCTYPE html>\r\n<html>\r\n<head>\r\n</head>\r\n<body>\r\n<p>Elit sit, parturient in nunc dapibus. Nec? Porta porta, adipiscing odio habitasse, a mid? Scelerisque aliquet tristique et tortor porta nisi montes pid magna, dictumst magnis et porttitor sociis elit montes pid! Ut turpis etiam adipiscing. Elementum placerat. Dictumst, nisi, etiam, facilisis! Nisi massa! Turpis scelerisque integer urna lacus dignissim mauris nec duis, ultrices velit elementum? Placerat urna vut, purus odio cras aenean dapibus arcu parturient, lorem augue, mauris et est placerat, et lorem. Aliquam lacus ridiculus augue. Aliquet nisi, magna amet tortor lorem, pulvinar habitasse proin sociis, nisi eu? Purus scelerisque mus auctor et duis, aliquam tristique natoque montes, montes turpis magna mus ultricies tempor sit auctor integer. Penatibus. Nascetur et, sit, porttitor magna sed porta amet nunc vut.</p>\r\n<p>Adipiscing porta in pellentesque cras vut mauris tincidunt augue! Placerat non. Egestas? In augue? Nec rhoncus turpis cras porta pid? Pulvinar dolor magnis adipiscing magna nec egestas ultricies diam. Adipiscing mauris mid. Ut enim, a, tristique natoque mus pellentesque, adipiscing ut, montes augue turpis enim proin lorem! Eu aliquet, dis? Dictumst ac integer ut sed, egestas diam enim duis! Eu dapibus, vel sit urna, proin ut tristique phasellus in nisi hac non phasellus integer pulvinar? Mattis, et ridiculus proin? Odio dignissim in. Sit mauris proin. Ultricies, habitasse? Et ac est et lacus! Ultrices, porta habitasse? Tortor rhoncus nisi turpis, aenean, nisi ultricies mus scelerisque. Nisi augue facilisis? Proin rhoncus rhoncus, lacus in ut? Dis nunc ac dolor scelerisque nisi.</p>\r\n</body>\r\n</html>', 0, 3, '06/10/2017', '2017-06-10', '', 'ConheÃ§a nosso blog! Em vista de procurar um novo mÃ©todo de interaÃ§Ã£o com os leitores e leitoras da nossa pÃ¡gina web, produzimos um blog para melhor!', ' Portfolio, Design, Link,Gallery, Video, Clean, Retina'),
(3, 'Em Magazine', '1507326124.jpg', '<!DOCTYPE html>\r\n<html>\r\n<head>\r\n</head>\r\n<body>\r\n<p><img style=\"float: left;\" src=\"../../../../images/blog/news-2.jpg\" width=\"350\" height=\"239\" />Elit sit, parturient in nunc dapibus. Nec? Porta porta, adipiscing odio habitasse, a mid? Scelerisque aliquet tristique et tortor porta nisi montes pid magna, dictumst magnis et porttitor sociis elit montes pid! Ut turpis etiam adipiscing. Elementum placerat. Dictumst, nisi, etiam, facilisis! Nisi massa! Turpis scelerisque integer urna lacus dignissim mauris nec duis, ultrices velit elementum? Placerat urna vut, purus odio cras aenean dapibus arcu parturient, lorem augue, mauris et est placerat, et lorem. Aliquam lacus ridiculus augue. Aliquet nisi, magna amet tortor lorem, pulvinar habitasse proin sociis, nisi eu? Purus scelerisque mus auctor et duis, aliquam tristique natoque montes, montes turpis magna mus ultricies tempor sit auctor integer. Penatibus. Nascetur et, sit, porttitor magna sed porta amet nunc vut.</p>\r\n<p>Adipiscing porta in pellentesque cras vut mauris tincidunt augue! Placerat non. Egestas? In augue? Nec rhoncus turpis cras porta pid? Pulvinar dolor magnis adipiscing magna nec egestas ultricies diam. Adipiscing mauris mid. Ut enim, a, tristique natoque mus pellentesque, adipiscing ut, montes augue turpis enim proin lorem! Eu aliquet, dis? Dictumst ac integer ut sed, egestas diam enim duis! Eu dapibus, vel sit urna, proin ut tristique phasellus in nisi hac non phasellus integer pulvinar? Mattis, et ridiculus proin? Odio dignissim in. Sit mauris proin. Ultricies, habitasse? Et ac est et lacus! Ultrices, porta habitasse? Tortor rhoncus nisi turpis, aenean, nisi ultricies mus scelerisque. Nisi augue facilisis? Proin rhoncus rhoncus, lacus in ut? Dis nunc ac dolor scelerisque nisi.</p>\r\n</body>\r\n</html>', 0, 1, '06/10/2017', '2017-06-10', '', '', ' Portfolio, Design, Link,Gallery, Video, Clean, Retina'),
(4, 'Portaria Virtual', '1511374808.jpg', '<!DOCTYPE html>\r\n<html>\r\n<head>\r\n</head>\r\n<body>\r\n<p>em desenvolvimento</p>\r\n</body>\r\n</html>', 0, 5, '22/11/2017', '1970-01-01', '', '', '');

-- --------------------------------------------------------

--
-- Estrutura para tabela `paginas`
--

CREATE TABLE `paginas` (
  `paginas_id` int(11) NOT NULL,
  `paginas_nome` varchar(200) NOT NULL,
  `paginas_imagem` varchar(200) DEFAULT NULL,
  `paginas_descricao` longtext DEFAULT NULL,
  `paginas_area3` int(11) NOT NULL
) ENGINE=InnoDB DEFAULT CHARSET=utf8mb3 COLLATE=utf8mb3_general_ci;

--
-- Despejando dados para a tabela `paginas`
--

INSERT INTO `paginas` (`paginas_id`, `paginas_nome`, `paginas_imagem`, `paginas_descricao`, `paginas_area3`) VALUES
(2, 'News Pages', '1511528059.jpg', '<!DOCTYPE html>\r\n<html>\r\n<head>\r\n</head>\r\n<body>\r\n<p>Elit sit, parturient in nunc dapibus. Nec? Porta porta, adipiscing odio habitasse, a mid? Scelerisque aliquet tristique et tortor porta nisi montes pid magna, dictumst magnis et porttitor sociis elit montes pid! Ut turpis etiam adipiscing. Elementum placerat. Dictumst, nisi, etiam, facilisis! Nisi massa! Turpis scelerisque integer urna lacus dignissim mauris nec duis, ultrices velit elementum? Placerat urna vut, purus odio cras aenean dapibus arcu parturient, lorem augue, mauris et est placerat, et lorem. Aliquam lacus ridiculus augue. Aliquet nisi, magna amet tortor lorem, pulvinar habitasse proin sociis, nisi eu? Purus scelerisque mus auctor et duis, aliquam tristique natoque montes, montes turpis magna mus ultricies tempor sit auctor integer. Penatibus. Nascetur et, sit, porttitor magna sed porta amet nunc vut.</p>\r\n<p>Adipiscing porta in pellentesque cras vut mauris tincidunt augue! Placerat non. Egestas? In augue? Nec rhoncus turpis cras porta pid? Pulvinar dolor magnis adipiscing magna nec egestas ultricies diam. Adipiscing mauris mid. Ut enim, a, tristique natoque mus pellentesque, adipiscing ut, montes augue turpis enim proin lorem! Eu aliquet, dis? Dictumst ac integer ut sed, egestas diam enim duis! Eu dapibus, vel sit urna, proin ut tristique phasellus in nisi hac non phasellus integer pulvinar? Mattis, et ridiculus proin? Odio dignissim in. Sit mauris proin. Ultricies, habitasse? Et ac est et lacus! Ultrices, porta habitasse? Tortor rhoncus nisi turpis, aenean, nisi ultricies mus scelerisque. Nisi augue facilisis? Proin rhoncus rhoncus, lacus in ut? Dis nunc ac dolor scelerisque nisi.</p>\r\n</body>\r\n</html>', 4),
(3, 'New Title', '1511530524.jpg', '<!DOCTYPE html>\r\n<html>\r\n<head>\r\n</head>\r\n<body>\r\n<p>Elit sit, parturient in nunc dapibus. Nec? Porta porta, adipiscing odio habitasse, a mid? Scelerisque aliquet tristique et tortor porta nisi montes pid magna, dictumst magnis et porttitor sociis elit montes pid! Ut turpis etiam adipiscing. Elementum placerat. Dictumst, nisi, etiam, facilisis! Nisi massa! Turpis scelerisque integer urna lacus dignissim mauris nec duis, ultrices velit elementum? Placerat urna vut, purus odio cras aenean dapibus arcu parturient, lorem augue, mauris et est placerat, et lorem. Aliquam lacus ridiculus augue. Aliquet nisi, magna amet tortor lorem, pulvinar habitasse proin sociis, nisi eu? Purus scelerisque mus auctor et duis, aliquam tristique natoque montes, montes turpis magna mus ultricies tempor sit auctor integer. Penatibus. Nascetur et, sit, porttitor magna sed porta amet nunc vut.</p>\r\n<p>Adipiscing porta in pellentesque cras vut mauris tincidunt augue! Placerat non. Egestas? In augue? Nec rhoncus turpis cras porta pid? Pulvinar dolor magnis adipiscing magna nec egestas ultricies diam. Adipiscing mauris mid. Ut enim, a, tristique natoque mus pellentesque, adipiscing ut, montes augue turpis enim proin lorem! Eu aliquet, dis? Dictumst ac integer ut sed, egestas diam enim duis! Eu dapibus, vel sit urna, proin ut tristique phasellus in nisi hac non phasellus integer pulvinar? Mattis, et ridiculus proin? Odio dignissim in. Sit mauris proin. Ultricies, habitasse? Et ac est et lacus! Ultrices, porta habitasse? Tortor rhoncus nisi turpis, aenean, nisi ultricies mus scelerisque. Nisi augue facilisis? Proin rhoncus rhoncus, lacus in ut? Dis nunc ac dolor scelerisque nisi.</p>\r\n</body>\r\n</html>', 5),
(4, 'Page Example', '1511530560.jpg', '<!DOCTYPE html>\r\n<html>\r\n<head>\r\n</head>\r\n<body>\r\n<p>Elit sit, parturient in nunc dapibus. Nec? Porta porta, adipiscing odio habitasse, a mid? Scelerisque aliquet tristique et tortor porta nisi montes pid magna, dictumst magnis et porttitor sociis elit montes pid! Ut turpis etiam adipiscing. Elementum placerat. Dictumst, nisi, etiam, facilisis! Nisi massa! Turpis scelerisque integer urna lacus dignissim mauris nec duis, ultrices velit elementum? Placerat urna vut, purus odio cras aenean dapibus arcu parturient, lorem augue, mauris et est placerat, et lorem. Aliquam lacus ridiculus augue. Aliquet nisi, magna amet tortor lorem, pulvinar habitasse proin sociis, nisi eu? Purus scelerisque mus auctor et duis, aliquam tristique natoque montes, montes turpis magna mus ultricies tempor sit auctor integer. Penatibus. Nascetur et, sit, porttitor magna sed porta amet nunc vut.</p>\r\n<p>Adipiscing porta in pellentesque cras vut mauris tincidunt augue! Placerat non. Egestas? In augue? Nec rhoncus turpis cras porta pid? Pulvinar dolor magnis adipiscing magna nec egestas ultricies diam. Adipiscing mauris mid. Ut enim, a, tristique natoque mus pellentesque, adipiscing ut, montes augue turpis enim proin lorem! Eu aliquet, dis? Dictumst ac integer ut sed, egestas diam enim duis! Eu dapibus, vel sit urna, proin ut tristique phasellus in nisi hac non phasellus integer pulvinar? Mattis, et ridiculus proin? Odio dignissim in. Sit mauris proin. Ultricies, habitasse? Et ac est et lacus! Ultrices, porta habitasse? Tortor rhoncus nisi turpis, aenean, nisi ultricies mus scelerisque. Nisi augue facilisis? Proin rhoncus rhoncus, lacus in ut? Dis nunc ac dolor scelerisque nisi.</p>\r\n</body>\r\n</html>', 3),
(8, 'New', '1511531714.jpg', '<!DOCTYPE html>\r\n<html>\r\n<head>\r\n</head>\r\n<body>\r\n<p>teste</p>\r\n</body>\r\n</html>', 5),
(9, 'New', '1721918872.jpg', '<!DOCTYPE html>\r\n<html>\r\n<head>\r\n</head>\r\n<body>\r\n<p>Elit sit, parturient in nunc dapibus. Nec? Porta porta, adipiscing odio habitasse, a mid? Scelerisque aliquet tristique et tortor porta nisi montes pid magna, dictumst magnis et porttitor sociis elit montes pid! Ut turpis etiam adipiscing. Elementum placerat. Dictumst, nisi, etiam, facilisis! Nisi massa! Turpis scelerisque integer urna lacus dignissim mauris nec duis, ultrices velit elementum? Placerat urna vut, purus odio cras aenean dapibus arcu parturient, lorem augue, mauris et est placerat, et lorem. Aliquam lacus ridiculus augue. Aliquet nisi, magna amet tortor lorem, pulvinar habitasse proin sociis, nisi eu? Purus scelerisque mus auctor et duis, aliquam tristique natoque montes, montes turpis magna mus ultricies tempor sit auctor integer. Penatibus. Nascetur et, sit, porttitor magna sed porta amet nunc vut.</p>\r\n<p>Adipiscing porta in pellentesque cras vut mauris tincidunt augue! Placerat non. Egestas? In augue? Nec rhoncus turpis cras porta pid? Pulvinar dolor magnis adipiscing magna nec egestas ultricies diam. Adipiscing mauris mid. Ut enim, a, tristique natoque mus pellentesque, adipiscing ut, montes augue turpis enim proin lorem! Eu aliquet, dis? Dictumst ac integer ut sed, egestas diam enim duis! Eu dapibus, vel sit urna, proin ut tristique phasellus in nisi hac non phasellus integer pulvinar? Mattis, et ridiculus proin? Odio dignissim in. Sit mauris proin. Ultricies, habitasse? Et ac est et lacus! Ultrices, porta habitasse? Tortor rhoncus nisi turpis, aenean, nisi ultricies mus scelerisque. Nisi augue facilisis? Proin rhoncus rhoncus, lacus in ut? Dis nunc ac dolor scelerisque nisi.</p>\r\n</body>\r\n</html>', 4);

-- --------------------------------------------------------

--
-- Estrutura para tabela `portfolio`
--

CREATE TABLE `portfolio` (
  `portfolio_id` int(11) NOT NULL,
  `portfolio_nome` varchar(200) NOT NULL,
  `portfolio_cliente` varchar(200) NOT NULL,
  `portfolio_data` varchar(200) DEFAULT NULL,
  `portfolio_imagem` varchar(200) DEFAULT NULL,
  `portfolio_descricao` longtext DEFAULT NULL,
  `portfolio_area1` int(11) DEFAULT NULL,
  `portfolio_url` varchar(200) DEFAULT NULL
) ENGINE=InnoDB DEFAULT CHARSET=utf8mb3 COLLATE=utf8mb3_general_ci;

--
-- Despejando dados para a tabela `portfolio`
--

INSERT INTO `portfolio` (`portfolio_id`, `portfolio_nome`, `portfolio_cliente`, `portfolio_data`, `portfolio_imagem`, `portfolio_descricao`, `portfolio_area1`, `portfolio_url`) VALUES
(1, 'News', 'Forest', '12/04/2017', '1507152628.jpg', '<!DOCTYPE html>\r\n<html>\r\n<head>\r\n</head>\r\n<body>\r\n<p>Pulvinar nisi dolor lacus rhoncus, purus? Et, non, risus enim rhoncus. Nunc placerat. Nunc placerat! Turpis placerat urna magnis turpis nec etiam lectus ut, turpis tempor turpis amet et? Porta risus scelerisque rhoncus, scelerisque sagittis! Ridiculus lorem sit risus ultricies. Mid? Natoque? Massa lectus dolor magna diam, porta nascetur amet nunc ut non, ultricies duis. Ac parturient sociis ac? Massa dictumst, montes turpis lacus non rhoncus ridiculus nec. Rhoncus nunc magna, tristique penatibus enim! In natoque porta turpis montes, enim nunc mattis urna magna sed lectus eu integer in, natoque turpis in vut adipiscing a enim pulvinar, pulvinar elementum porttitor, elit eu a, cras quis lundium arcu tincidunt auctor augue! Lacus porttitor in, porttitor porta a duis rhoncus augue.</p>\r\n</body>\r\n</html>', 3, 'https://www.youtube.com'),
(2, 'Visual', '', '05/10/2017', '1507216499.jpg', '<!DOCTYPE html>\r\n<html>\r\n<head>\r\n</head>\r\n<body>\r\n<p>Pulvinar nisi dolor lacus rhoncus, purus? Et, non, risus enim rhoncus. Nunc placerat. Nunc placerat! Turpis placerat urna magnis turpis nec etiam lectus ut, turpis tempor turpis amet et? Porta risus scelerisque rhoncus, scelerisque sagittis! Ridiculus lorem sit risus ultricies. Mid? Natoque? Massa lectus dolor magna diam, porta nascetur amet nunc ut non, ultricies duis. Ac parturient sociis ac? Massa dictumst, montes turpis lacus non rhoncus ridiculus nec. Rhoncus nunc magna, tristique penatibus enim! In natoque porta turpis montes, enim nunc mattis urna magna sed lectus eu integer in, natoque turpis in vut adipiscing a enim pulvinar, pulvinar elementum porttitor, elit eu a, cras quis lundium arcu tincidunt auctor augue! Lacus porttitor in, porttitor porta a duis rhoncus augue.</p>\r\n</body>\r\n</html>', 2, ''),
(3, 'World', 'Forest', '14/10/2017', '1507201545.jpg', '<!DOCTYPE html>\r\n<html>\r\n<head>\r\n</head>\r\n<body>\r\n<p>Pulvinar nisi dolor lacus rhoncus, purus? Et, non, risus enim rhoncus. Nunc placerat. Nunc placerat! Turpis placerat urna magnis turpis nec etiam lectus ut, turpis tempor turpis amet et? Porta risus scelerisque rhoncus, scelerisque sagittis! Ridiculus lorem sit risus ultricies. Mid? Natoque? Massa lectus dolor magna diam, porta nascetur amet nunc ut non, ultricies duis. Ac parturient sociis ac? Massa dictumst, montes turpis lacus non rhoncus ridiculus nec. Rhoncus nunc magna, tristique penatibus enim! In natoque porta turpis montes, enim nunc mattis urna magna sed lectus eu integer in, natoque turpis in vut adipiscing a enim pulvinar, pulvinar elementum porttitor, elit eu a, cras quis lundium arcu tincidunt auctor augue! Lacus porttitor in, porttitor porta a duis rhoncus augue.</p>\r\n</body>\r\n</html>', 1, 'https://www.youtube.com');

-- --------------------------------------------------------

--
-- Estrutura para tabela `servico`
--

CREATE TABLE `servico` (
  `servico_id` int(11) NOT NULL,
  `servico_nome` varchar(200) DEFAULT NULL,
  `servico_icon` varchar(200) DEFAULT NULL,
  `servico_descricao` text DEFAULT NULL
) ENGINE=InnoDB DEFAULT CHARSET=utf8mb3 COLLATE=utf8mb3_general_ci;

--
-- Despejando dados para a tabela `servico`
--

INSERT INTO `servico` (`servico_id`, `servico_nome`, `servico_icon`, `servico_descricao`) VALUES
(1, 'Layout Responsivo', 'fa fa-bars', 'Lorem ipsum dolor amet, consectetuer adipiscing elit, sed diam nonummy nibh euismod tincidunt ut laoreet dolore.'),
(2, 'Fácil de Usar', 'fa fa-user-plus', 'Lorem ipsum dolor amet, consectetuer adipiscing elit, sed diam nonummy nibh euismod tincidunt ut laoreet dolore.'),
(3, 'Totalmente Editável', 'fa fa-edit', 'Lorem ipsum dolor amet, consectetuer adipiscing elit, sed diam nonummy nibh euismod tincidunt ut laoreet dolore.');

-- --------------------------------------------------------

--
-- Estrutura para tabela `site`
--

CREATE TABLE `site` (
  `site_id` int(11) NOT NULL,
  `site_meta_desc` text DEFAULT NULL,
  `site_meta_palavra` varchar(200) DEFAULT NULL,
  `site_meta_titulo` varchar(200) DEFAULT NULL,
  `site_meta_autor` varchar(200) DEFAULT NULL,
  `site_analytics` varchar(200) DEFAULT NULL
) ENGINE=InnoDB DEFAULT CHARSET=utf8mb3 COLLATE=utf8mb3_general_ci;

--
-- Despejando dados para a tabela `site`
--

INSERT INTO `site` (`site_id`, `site_meta_desc`, `site_meta_palavra`, `site_meta_titulo`, `site_meta_autor`, `site_analytics`) VALUES
(1, 'Modelo pronto para sites', 'site, modelo1, php, script', 'Kit Sites - Modelo 1', 'Kit Sites Modelos de Sites e Layouts Prontos', 'UA-55892535-1');

-- --------------------------------------------------------

--
-- Estrutura para tabela `slide`
--

CREATE TABLE `slide` (
  `slide_id` int(11) NOT NULL,
  `slide_imagem` varchar(200) NOT NULL,
  `slide_nome` varchar(200) DEFAULT NULL,
  `slide_subtitulo` varchar(200) DEFAULT NULL,
  `slide_subtitulo1` varchar(200) DEFAULT NULL,
  `slide_alinha` char(50) DEFAULT NULL,
  `slide_button_text1` char(50) DEFAULT NULL,
  `slide_button_link1` varchar(255) DEFAULT NULL
) ENGINE=InnoDB DEFAULT CHARSET=utf8mb3 COLLATE=utf8mb3_general_ci;

--
-- Despejando dados para a tabela `slide`
--

INSERT INTO `slide` (`slide_id`, `slide_imagem`, `slide_nome`, `slide_subtitulo`, `slide_subtitulo1`, `slide_alinha`, `slide_button_text1`, `slide_button_link1`) VALUES
(1, '1502203928.jpg', 'Nós trabalhamos ', 'para a sua satisfação', '', 'right', '', ''),
(2, '1502203936.jpg', 'Uma maneira totalmente nova', 'para o seu negócio', '', 'center', 'Leia Mais', 'https://www.kitsites.com'),
(3, '1510260230.jpg', 'Uma maneira totalmente nova!', 'para o seu negócio', '', 'left', 'Leia mais!', '');

-- --------------------------------------------------------

--
-- Estrutura para tabela `social`
--

CREATE TABLE `social` (
  `social_id` int(11) NOT NULL,
  `social_titulo` varchar(200) DEFAULT '',
  `social_url` varchar(200) DEFAULT NULL,
  `social_nome` varchar(200) DEFAULT NULL,
  `social_status` int(11) NOT NULL
) ENGINE=InnoDB DEFAULT CHARSET=utf8mb3 COLLATE=utf8mb3_general_ci;

--
-- Despejando dados para a tabela `social`
--

INSERT INTO `social` (`social_id`, `social_titulo`, `social_url`, `social_nome`, `social_status`) VALUES
(1, 'Facebook', 'https://facebook.com', 'fa fa-facebook', 1),
(2, 'Twitter', 'https://twitter.com/', 'fa fa-twitter', 1),
(3, 'Instagram', 'https://instagram.com/', 'fa fa-instagram', 1),
(4, 'YouTube', 'https://youtube.com/user/', 'fa fa-youtube', 1),
(5, 'WhatsApp', 'https://wa.me/5515997743977', 'fa fa-whatsapp', 0),
(6, 'Foursquare', 'https://pt.foursquare.com/', 'fa fa-foursquare', 0),
(7, 'Flickr', 'https://flickr.com/', 'fa fa-flickr', 0),
(8, 'linkedIn', 'https://br.linkedin.com/', 'fa fa-linkedin', 0),
(9, 'Pinterest', 'https://br.pinterest.com/', 'fa fa-pinterest', 0),
(10, 'Skype', 'https://skype.com/pt-br/', 'fa fa-skype', 0),
(11, 'Tumblr', 'https://tumblr.com/', 'fa fa-tumblr', 0),
(12, 'Vimeo', 'https://vimeo.com/', 'fa fa-vimeo-square', 0),
(13, 'Dribbble', 'https://dribbble.com/', 'fa fa-dribbble', 0);

-- --------------------------------------------------------

--
-- Estrutura para tabela `video`
--

CREATE TABLE `video` (
  `video_id` int(11) NOT NULL,
  `video_nome` varchar(200) DEFAULT NULL,
  `video_area2` int(11) DEFAULT NULL,
  `video_url` varchar(200) NOT NULL,
  `video_imagem` varchar(200) DEFAULT NULL,
  `video_views` int(11) DEFAULT 0
) ENGINE=InnoDB DEFAULT CHARSET=utf8mb3 COLLATE=utf8mb3_general_ci;

--
-- Despejando dados para a tabela `video`
--

INSERT INTO `video` (`video_id`, `video_nome`, `video_area2`, `video_url`, `video_imagem`, `video_views`) VALUES
(1, 'TRABALHO EM EQUIPE', 1, 'NVGDN29LiuU', 'https://i.ytimg.com/vi/NVGDN29LiuU/hqdefault.jpg?custom=true&w=400&h=250&jpg', 17),
(2, 'VIDEO MOTIVACIONAL Eleito o Melhor 2015/2016 - Deivison Pedroza', 1, 'IAnzAWt5tCI', 'https://i.ytimg.com/vi/IAnzAWt5tCI/hqdefault.jpg?custom=true&w=400&h=250&jpg', 13),
(3, 'É um lindo dia e eu não posso vê-lo - O Cego e o Publicitário', 2, 'J3a3-I42AgQ', 'https://i.ytimg.com/vi/J3a3-I42AgQ/hqdefault.jpg?custom=true&w=400&h=250&jpg', 13);

--
-- Índices para tabelas despejadas
--

--
-- Índices de tabela `area`
--
ALTER TABLE `area`
  ADD PRIMARY KEY (`area_id`);

--
-- Índices de tabela `area1`
--
ALTER TABLE `area1`
  ADD PRIMARY KEY (`area1_id`);

--
-- Índices de tabela `area2`
--
ALTER TABLE `area2`
  ADD PRIMARY KEY (`area2_id`);

--
-- Índices de tabela `area3`
--
ALTER TABLE `area3`
  ADD PRIMARY KEY (`area3_id`),
  ADD KEY `area3_nome` (`area3_nome`);

--
-- Índices de tabela `cadastros`
--
ALTER TABLE `cadastros`
  ADD PRIMARY KEY (`cadastro_id`);

--
-- Índices de tabela `cliente`
--
ALTER TABLE `cliente`
  ADD PRIMARY KEY (`cliente_id`);

--
-- Índices de tabela `comentario`
--
ALTER TABLE `comentario`
  ADD PRIMARY KEY (`comentario_id`),
  ADD KEY `fk_comentario_pagina1_idx` (`comentario_pagina`);

--
-- Índices de tabela `contato`
--
ALTER TABLE `contato`
  ADD PRIMARY KEY (`contato_id`);

--
-- Índices de tabela `depoimento`
--
ALTER TABLE `depoimento`
  ADD PRIMARY KEY (`depoimento_id`);

--
-- Índices de tabela `equipe`
--
ALTER TABLE `equipe`
  ADD PRIMARY KEY (`equipe_id`);

--
-- Índices de tabela `foto`
--
ALTER TABLE `foto`
  ADD PRIMARY KEY (`foto_id`),
  ADD KEY `fk_foto_portfolio_idx` (`foto_portfolio`);

--
-- Índices de tabela `fotos`
--
ALTER TABLE `fotos`
  ADD PRIMARY KEY (`fotos_id`);

--
-- Índices de tabela `icones`
--
ALTER TABLE `icones`
  ADD PRIMARY KEY (`icones_id`);

--
-- Índices de tabela `icons_social`
--
ALTER TABLE `icons_social`
  ADD PRIMARY KEY (`icon_id`);

--
-- Índices de tabela `mensagens`
--
ALTER TABLE `mensagens`
  ADD PRIMARY KEY (`mensagem_id`);

--
-- Índices de tabela `modulo1`
--
ALTER TABLE `modulo1`
  ADD PRIMARY KEY (`modulo1_id`);

--
-- Índices de tabela `modulo2`
--
ALTER TABLE `modulo2`
  ADD PRIMARY KEY (`modulo2_id`);

--
-- Índices de tabela `modulo3`
--
ALTER TABLE `modulo3`
  ADD PRIMARY KEY (`modulo3_id`);

--
-- Índices de tabela `modulo4`
--
ALTER TABLE `modulo4`
  ADD PRIMARY KEY (`modulo4_id`);

--
-- Índices de tabela `modulo5`
--
ALTER TABLE `modulo5`
  ADD PRIMARY KEY (`modulo5_id`);

--
-- Índices de tabela `modulo6`
--
ALTER TABLE `modulo6`
  ADD PRIMARY KEY (`modulo6_id`);

--
-- Índices de tabela `modulo7`
--
ALTER TABLE `modulo7`
  ADD PRIMARY KEY (`modulo7_id`);

--
-- Índices de tabela `modulo8`
--
ALTER TABLE `modulo8`
  ADD PRIMARY KEY (`modulo8_id`);

--
-- Índices de tabela `modulo9`
--
ALTER TABLE `modulo9`
  ADD PRIMARY KEY (`modulo9_id`);

--
-- Índices de tabela `modulo10`
--
ALTER TABLE `modulo10`
  ADD PRIMARY KEY (`modulo10_id`);

--
-- Índices de tabela `modulo11`
--
ALTER TABLE `modulo11`
  ADD PRIMARY KEY (`modulo11_id`);

--
-- Índices de tabela `modulo12`
--
ALTER TABLE `modulo12`
  ADD PRIMARY KEY (`modulo12_id`);

--
-- Índices de tabela `modulo13`
--
ALTER TABLE `modulo13`
  ADD PRIMARY KEY (`modulo13_id`);

--
-- Índices de tabela `modulo14`
--
ALTER TABLE `modulo14`
  ADD PRIMARY KEY (`modulo14_id`);

--
-- Índices de tabela `modulo15`
--
ALTER TABLE `modulo15`
  ADD PRIMARY KEY (`modulo15_id`);

--
-- Índices de tabela `modulo16`
--
ALTER TABLE `modulo16`
  ADD PRIMARY KEY (`modulo16_id`);

--
-- Índices de tabela `modulo17`
--
ALTER TABLE `modulo17`
  ADD PRIMARY KEY (`modulo17_id`);

--
-- Índices de tabela `modulo18`
--
ALTER TABLE `modulo18`
  ADD PRIMARY KEY (`modulo18_id`);

--
-- Índices de tabela `modulo_aparencia`
--
ALTER TABLE `modulo_aparencia`
  ADD PRIMARY KEY (`modulo_aparencia_id`);

--
-- Índices de tabela `pagina`
--
ALTER TABLE `pagina`
  ADD PRIMARY KEY (`pagina_id`),
  ADD KEY `fk_pagina_area_idx` (`pagina_area`);

--
-- Índices de tabela `paginas`
--
ALTER TABLE `paginas`
  ADD PRIMARY KEY (`paginas_id`),
  ADD KEY `paginas_nome` (`paginas_nome`);

--
-- Índices de tabela `portfolio`
--
ALTER TABLE `portfolio`
  ADD PRIMARY KEY (`portfolio_id`),
  ADD KEY `fk_portfolio_area1_idx` (`portfolio_area1`);

--
-- Índices de tabela `servico`
--
ALTER TABLE `servico`
  ADD PRIMARY KEY (`servico_id`);

--
-- Índices de tabela `site`
--
ALTER TABLE `site`
  ADD PRIMARY KEY (`site_id`);

--
-- Índices de tabela `slide`
--
ALTER TABLE `slide`
  ADD PRIMARY KEY (`slide_id`);

--
-- Índices de tabela `social`
--
ALTER TABLE `social`
  ADD PRIMARY KEY (`social_id`);

--
-- Índices de tabela `video`
--
ALTER TABLE `video`
  ADD PRIMARY KEY (`video_id`);

--
-- AUTO_INCREMENT para tabelas despejadas
--

--
-- AUTO_INCREMENT de tabela `area`
--
ALTER TABLE `area`
  MODIFY `area_id` int(11) NOT NULL AUTO_INCREMENT, AUTO_INCREMENT=5;

--
-- AUTO_INCREMENT de tabela `area1`
--
ALTER TABLE `area1`
  MODIFY `area1_id` int(11) NOT NULL AUTO_INCREMENT, AUTO_INCREMENT=5;

--
-- AUTO_INCREMENT de tabela `area2`
--
ALTER TABLE `area2`
  MODIFY `area2_id` int(11) NOT NULL AUTO_INCREMENT, AUTO_INCREMENT=3;

--
-- AUTO_INCREMENT de tabela `area3`
--
ALTER TABLE `area3`
  MODIFY `area3_id` int(11) NOT NULL AUTO_INCREMENT, AUTO_INCREMENT=7;

--
-- AUTO_INCREMENT de tabela `cadastros`
--
ALTER TABLE `cadastros`
  MODIFY `cadastro_id` int(11) NOT NULL AUTO_INCREMENT, AUTO_INCREMENT=2;

--
-- AUTO_INCREMENT de tabela `cliente`
--
ALTER TABLE `cliente`
  MODIFY `cliente_id` int(11) NOT NULL AUTO_INCREMENT, AUTO_INCREMENT=9;

--
-- AUTO_INCREMENT de tabela `comentario`
--
ALTER TABLE `comentario`
  MODIFY `comentario_id` int(11) NOT NULL AUTO_INCREMENT;

--
-- AUTO_INCREMENT de tabela `depoimento`
--
ALTER TABLE `depoimento`
  MODIFY `depoimento_id` int(11) NOT NULL AUTO_INCREMENT, AUTO_INCREMENT=3;

--
-- AUTO_INCREMENT de tabela `equipe`
--
ALTER TABLE `equipe`
  MODIFY `equipe_id` int(11) NOT NULL AUTO_INCREMENT, AUTO_INCREMENT=5;

--
-- AUTO_INCREMENT de tabela `foto`
--
ALTER TABLE `foto`
  MODIFY `foto_id` int(11) NOT NULL AUTO_INCREMENT, AUTO_INCREMENT=10;

--
-- AUTO_INCREMENT de tabela `fotos`
--
ALTER TABLE `fotos`
  MODIFY `fotos_id` int(11) NOT NULL AUTO_INCREMENT, AUTO_INCREMENT=73;

--
-- AUTO_INCREMENT de tabela `icones`
--
ALTER TABLE `icones`
  MODIFY `icones_id` int(11) NOT NULL AUTO_INCREMENT, AUTO_INCREMENT=719;

--
-- AUTO_INCREMENT de tabela `icons_social`
--
ALTER TABLE `icons_social`
  MODIFY `icon_id` int(11) NOT NULL AUTO_INCREMENT, AUTO_INCREMENT=183;

--
-- AUTO_INCREMENT de tabela `mensagens`
--
ALTER TABLE `mensagens`
  MODIFY `mensagem_id` int(10) NOT NULL AUTO_INCREMENT, AUTO_INCREMENT=2;

--
-- AUTO_INCREMENT de tabela `modulo1`
--
ALTER TABLE `modulo1`
  MODIFY `modulo1_id` int(11) NOT NULL AUTO_INCREMENT, AUTO_INCREMENT=2;

--
-- AUTO_INCREMENT de tabela `modulo2`
--
ALTER TABLE `modulo2`
  MODIFY `modulo2_id` int(11) NOT NULL AUTO_INCREMENT, AUTO_INCREMENT=2;

--
-- AUTO_INCREMENT de tabela `modulo3`
--
ALTER TABLE `modulo3`
  MODIFY `modulo3_id` int(11) NOT NULL AUTO_INCREMENT, AUTO_INCREMENT=2;

--
-- AUTO_INCREMENT de tabela `modulo4`
--
ALTER TABLE `modulo4`
  MODIFY `modulo4_id` int(11) NOT NULL AUTO_INCREMENT, AUTO_INCREMENT=2;

--
-- AUTO_INCREMENT de tabela `modulo5`
--
ALTER TABLE `modulo5`
  MODIFY `modulo5_id` int(11) NOT NULL AUTO_INCREMENT, AUTO_INCREMENT=2;

--
-- AUTO_INCREMENT de tabela `modulo6`
--
ALTER TABLE `modulo6`
  MODIFY `modulo6_id` int(11) NOT NULL AUTO_INCREMENT, AUTO_INCREMENT=2;

--
-- AUTO_INCREMENT de tabela `modulo7`
--
ALTER TABLE `modulo7`
  MODIFY `modulo7_id` int(11) NOT NULL AUTO_INCREMENT, AUTO_INCREMENT=2;

--
-- AUTO_INCREMENT de tabela `modulo8`
--
ALTER TABLE `modulo8`
  MODIFY `modulo8_id` int(11) NOT NULL AUTO_INCREMENT, AUTO_INCREMENT=2;

--
-- AUTO_INCREMENT de tabela `modulo14`
--
ALTER TABLE `modulo14`
  MODIFY `modulo14_id` int(11) NOT NULL AUTO_INCREMENT, AUTO_INCREMENT=2;

--
-- AUTO_INCREMENT de tabela `modulo15`
--
ALTER TABLE `modulo15`
  MODIFY `modulo15_id` int(11) NOT NULL AUTO_INCREMENT, AUTO_INCREMENT=2;

--
-- AUTO_INCREMENT de tabela `modulo18`
--
ALTER TABLE `modulo18`
  MODIFY `modulo18_id` int(11) NOT NULL AUTO_INCREMENT, AUTO_INCREMENT=2;

--
-- AUTO_INCREMENT de tabela `pagina`
--
ALTER TABLE `pagina`
  MODIFY `pagina_id` int(11) NOT NULL AUTO_INCREMENT, AUTO_INCREMENT=5;

--
-- AUTO_INCREMENT de tabela `paginas`
--
ALTER TABLE `paginas`
  MODIFY `paginas_id` int(11) NOT NULL AUTO_INCREMENT, AUTO_INCREMENT=10;

--
-- AUTO_INCREMENT de tabela `portfolio`
--
ALTER TABLE `portfolio`
  MODIFY `portfolio_id` int(11) NOT NULL AUTO_INCREMENT, AUTO_INCREMENT=4;

--
-- AUTO_INCREMENT de tabela `servico`
--
ALTER TABLE `servico`
  MODIFY `servico_id` int(11) NOT NULL AUTO_INCREMENT, AUTO_INCREMENT=4;

--
-- AUTO_INCREMENT de tabela `slide`
--
ALTER TABLE `slide`
  MODIFY `slide_id` int(11) NOT NULL AUTO_INCREMENT, AUTO_INCREMENT=4;

--
-- AUTO_INCREMENT de tabela `video`
--
ALTER TABLE `video`
  MODIFY `video_id` int(11) NOT NULL AUTO_INCREMENT, AUTO_INCREMENT=5;
COMMIT;

